Last updated on 2018-02-25 00:48:32 CET.
Flavor | Version | Tinstall | Tcheck | Ttotal | Status | Flags |
---|---|---|---|---|---|---|
r-devel-linux-x86_64-debian-clang | 0.1-2 | 38.73 | 198.57 | 237.30 | OK | |
r-devel-linux-x86_64-debian-gcc | 0.1-2 | 37.19 | 152.36 | 189.55 | OK | |
r-devel-linux-x86_64-fedora-clang | 0.1-2 | 295.06 | OK | |||
r-devel-linux-x86_64-fedora-gcc | 0.1-2 | 284.63 | OK | |||
r-devel-windows-ix86+x86_64 | 0.1-2 | 79.00 | 288.00 | 367.00 | OK | |
r-patched-linux-x86_64 | 0.1-2 | 9.59 | 220.11 | 229.70 | OK | |
r-patched-solaris-x86 | 0.1-2 | 312.60 | NOTE | |||
r-release-linux-x86_64 | 0.1-2 | 10.00 | 219.18 | 229.18 | OK | |
r-release-windows-ix86+x86_64 | 0.1-2 | 31.00 | 320.00 | 351.00 | OK | |
r-release-osx-x86_64 | 0.1-2 | NOTE | ||||
r-oldrel-windows-ix86+x86_64 | 0.1-2 | 21.00 | 244.00 | 265.00 | OK | |
r-oldrel-osx-x86_64 | 0.1-2 | OK |
Version: 0.1-2
Check: package dependencies
Result: NOTE
Package suggested but not available for checking: ‘BayesXsrc’
Flavor: r-patched-solaris-x86
Version: 0.1-2
Check: Rd cross-references
Result: NOTE
Package unavailable to check Rd xrefs: ‘BayesXsrc’
Flavor: r-patched-solaris-x86
Version: 0.1-2
Check: package dependencies
Result: NOTE
Package suggested but not available for checking: ‘rjags’
Flavor: r-release-osx-x86_64
Version: 0.1-2
Check: Rd cross-references
Result: NOTE
Package unavailable to check Rd xrefs: ‘rjags’
Flavor: r-release-osx-x86_64