CRAN Package Check Results for Package bglm

Last updated on 2018-02-25 00:48:32 CET.

Flavor Version Tinstall Tcheck Ttotal Status Flags
r-devel-linux-x86_64-debian-clang 1.0 1.12 39.56 40.68 NOTE
r-devel-linux-x86_64-debian-gcc 1.0 0.72 29.45 30.17 NOTE
r-devel-linux-x86_64-fedora-clang 1.0 46.70 NOTE
r-devel-linux-x86_64-fedora-gcc 1.0 46.55 NOTE
r-devel-windows-ix86+x86_64 1.0 5.00 65.00 70.00 NOTE
r-patched-linux-x86_64 1.0 0.88 38.28 39.16 NOTE
r-patched-solaris-x86 1.0 60.60 NOTE
r-release-linux-x86_64 1.0 0.84 39.25 40.09 NOTE
r-release-windows-ix86+x86_64 1.0 3.00 63.00 66.00 NOTE
r-release-osx-x86_64 1.0 NOTE
r-oldrel-windows-ix86+x86_64 1.0 2.00 57.00 59.00 NOTE
r-oldrel-osx-x86_64 1.0 NOTE

Check Details

Version: 1.0
Check: S3 generic/method consistency
Result: NOTE
    Found the following apparent S3 methods exported but not registered:
     binommh.default binommh.formula expmh.default expmh.formula
     poissmh.default poissmh.formula
    See section ‘Registering S3 methods’ in the ‘Writing R Extensions’
    manual.
Flavors: r-devel-linux-x86_64-debian-clang, r-devel-linux-x86_64-debian-gcc, r-devel-linux-x86_64-fedora-clang, r-devel-linux-x86_64-fedora-gcc, r-patched-linux-x86_64, r-patched-solaris-x86, r-release-linux-x86_64

Version: 1.0
Check: R code for possible problems
Result: NOTE
    binommh.default : log_lik: no visible global function definition for
     ‘dbinom’
    binommh.default: no visible global function definition for ‘dbinom’
    binommh.default: no visible global function definition for ‘runif’
    binommh.formula: no visible global function definition for
     ‘model.frame’
    binommh.formula: no visible global function definition for
     ‘model.matrix’
    binommh.formula: no visible global function definition for
     ‘model.response’
    expmh.default : log_lik: no visible global function definition for
     ‘dexp’
    expmh.default: no visible global function definition for ‘dexp’
    expmh.default: no visible global function definition for ‘runif’
    expmh.formula: no visible global function definition for ‘model.frame’
    expmh.formula: no visible global function definition for ‘model.matrix’
    expmh.formula: no visible global function definition for
     ‘model.response’
    poissmh.default : log_lik: no visible global function definition for
     ‘dpois’
    poissmh.default: no visible global function definition for ‘dpois’
    poissmh.default: no visible global function definition for ‘runif’
    poissmh.formula: no visible global function definition for
     ‘model.frame’
    poissmh.formula: no visible global function definition for
     ‘model.matrix’
    poissmh.formula: no visible global function definition for
     ‘model.response’
    Undefined global functions or variables:
     dbinom dexp dpois model.frame model.matrix model.response runif
    Consider adding
     importFrom("stats", "dbinom", "dexp", "dpois", "model.frame",
     "model.matrix", "model.response", "runif")
    to your NAMESPACE file.
Flavors: r-devel-linux-x86_64-debian-clang, r-devel-linux-x86_64-debian-gcc, r-devel-linux-x86_64-fedora-clang, r-devel-linux-x86_64-fedora-gcc, r-devel-windows-ix86+x86_64, r-patched-linux-x86_64, r-patched-solaris-x86, r-release-linux-x86_64, r-release-windows-ix86+x86_64, r-release-osx-x86_64, r-oldrel-windows-ix86+x86_64, r-oldrel-osx-x86_64