Last updated on 2018-02-25 00:48:32 CET.
Flavor | Version | Tinstall | Tcheck | Ttotal | Status | Flags |
---|---|---|---|---|---|---|
r-devel-linux-x86_64-debian-clang | 4.5.33 | 61.34 | 38.36 | 99.70 | OK | |
r-devel-linux-x86_64-debian-gcc | 4.5.33 | 50.14 | 30.62 | 80.76 | OK | |
r-devel-linux-x86_64-fedora-clang | 4.5.33 | 144.54 | NOTE | |||
r-devel-linux-x86_64-fedora-gcc | 4.5.33 | 131.70 | NOTE | |||
r-devel-windows-ix86+x86_64 | 4.5.33 | 234.00 | 102.00 | 336.00 | WARN | |
r-patched-linux-x86_64 | 4.5.33 | 59.73 | 41.99 | 101.72 | OK | |
r-patched-solaris-x86 | 4.5.33 | 145.10 | OK | |||
r-release-linux-x86_64 | 4.5.33 | 56.72 | 42.52 | 99.24 | OK | |
r-release-windows-ix86+x86_64 | 4.5.33 | 159.00 | 89.00 | 248.00 | OK | |
r-release-osx-x86_64 | 4.5.33 | NOTE | ||||
r-oldrel-windows-ix86+x86_64 | 4.5.33 | 169.00 | 77.00 | 246.00 | OK | |
r-oldrel-osx-x86_64 | 4.5.31 | NOTE |
Version: 4.5.33
Check: installed package size
Result: NOTE
installed size is 6.2Mb
sub-directories of 1Mb or more:
libs 5.6Mb
Flavors: r-devel-linux-x86_64-fedora-clang, r-devel-linux-x86_64-fedora-gcc, r-release-osx-x86_64
Version: 4.5.33
Check: whether package can be installed
Result: WARN
Found the following significant warnings:
d:/RCompile/CRANpkg/lib/3.5/BH/include/boost/interprocess/detail/win32_api.hpp:145:9: warning: ISO C++ prohibits anonymous structs [-Wpedantic]
d:/RCompile/CRANpkg/lib/3.5/BH/include/boost/interprocess/detail/win32_api.hpp:153:9: warning: ISO C++ prohibits anonymous structs [-Wpedantic]
d:/RCompile/CRANpkg/lib/3.5/BH/include/boost/interprocess/detail/win32_api.hpp:178:13: warning: ISO C++ prohibits anonymous structs [-Wpedantic]
d:/RCompile/CRANpkg/lib/3.5/BH/include/boost/interprocess/detail/win32_api.hpp:180:7: warning: ISO C++ prohibits anonymous structs [-Wpedantic]
Flavor: r-devel-windows-ix86+x86_64
Version: 4.5.31
Check: installed package size
Result: NOTE
installed size is 5.5Mb
sub-directories of 1Mb or more:
libs 5.1Mb
Flavor: r-oldrel-osx-x86_64