Last updated on 2018-02-25 00:48:33 CET.
Flavor | Version | Tinstall | Tcheck | Ttotal | Status | Flags |
---|---|---|---|---|---|---|
r-devel-linux-x86_64-debian-clang | 0.1.3 | 1.87 | 35.54 | 37.41 | OK | |
r-devel-linux-x86_64-debian-gcc | 0.1.3 | 1.93 | 28.22 | 30.15 | OK | |
r-devel-linux-x86_64-fedora-clang | 0.1.3 | 44.03 | NOTE | |||
r-devel-linux-x86_64-fedora-gcc | 0.1.3 | 43.61 | NOTE | |||
r-devel-windows-ix86+x86_64 | 0.1.3 | 7.00 | 84.00 | 91.00 | OK | |
r-patched-linux-x86_64 | 0.1.3 | 2.31 | 36.33 | 38.64 | OK | |
r-patched-solaris-x86 | 0.1.3 | 60.60 | NOTE | |||
r-release-linux-x86_64 | 0.1.3 | 2.01 | 34.98 | 36.99 | OK | |
r-release-windows-ix86+x86_64 | 0.1.3 | 9.00 | 91.00 | 100.00 | OK | |
r-release-osx-x86_64 | 0.1.3 | NOTE | ||||
r-oldrel-windows-ix86+x86_64 | 0.1.3 | 4.00 | 59.00 | 63.00 | OK | |
r-oldrel-osx-x86_64 | 0.1.3 | NOTE |
Version: 0.1.3
Check: dependencies in R code
Result: NOTE
Namespace in Imports field not imported from: ‘utils’
All declared Imports should be used.
Flavors: r-devel-linux-x86_64-fedora-clang, r-devel-linux-x86_64-fedora-gcc, r-patched-solaris-x86, r-release-osx-x86_64, r-oldrel-osx-x86_64