CRAN Package Check Results for Package biomod2

Last updated on 2018-02-25 00:48:33 CET.

Flavor Version Tinstall Tcheck Ttotal Status Flags
r-devel-linux-x86_64-debian-clang 3.3-7 31.17 182.75 213.92 NOTE
r-devel-linux-x86_64-debian-gcc 3.3-7 20.97 142.57 163.54 NOTE
r-devel-linux-x86_64-fedora-clang 3.3-7 258.90 NOTE
r-devel-linux-x86_64-fedora-gcc 3.3-7 249.21 NOTE
r-devel-windows-ix86+x86_64 3.3-7 51.00 229.00 280.00 NOTE
r-patched-linux-x86_64 3.3-7 10.06 197.61 207.67 NOTE
r-patched-solaris-x86 3.3-7 324.20 NOTE
r-release-linux-x86_64 3.3-7 9.72 198.77 208.49 NOTE
r-release-windows-ix86+x86_64 3.3-7 26.00 278.00 304.00 NOTE
r-release-osx-x86_64 3.3-7 NOTE
r-oldrel-windows-ix86+x86_64 3.3-7 19.00 184.00 203.00 OK
r-oldrel-osx-x86_64 3.3-7 OK

Check Details

Version: 3.3-7
Check: DESCRIPTION meta-information
Result: NOTE
    BugReports field is not a suitable URL but contains an email address
     which will be used as from R 3.4.0
Flavors: r-devel-linux-x86_64-debian-clang, r-devel-linux-x86_64-debian-gcc, r-devel-linux-x86_64-fedora-clang, r-devel-linux-x86_64-fedora-gcc, r-devel-windows-ix86+x86_64, r-patched-linux-x86_64, r-patched-solaris-x86, r-release-linux-x86_64, r-release-windows-ix86+x86_64, r-release-osx-x86_64