CRAN Package Check Results for Package bossMaps

Last updated on 2018-02-25 00:48:33 CET.

Flavor Version Tinstall Tcheck Ttotal Status Flags
r-devel-linux-x86_64-debian-clang 0.1.0 3.86 201.70 205.56 OK
r-devel-linux-x86_64-debian-gcc 0.1.0 4.66 147.33 151.99 OK
r-devel-linux-x86_64-fedora-clang 0.1.0 250.44 NOTE
r-devel-linux-x86_64-fedora-gcc 0.1.0 276.76 NOTE
r-devel-windows-ix86+x86_64 0.1.0 13.00 298.00 311.00 OK
r-patched-linux-x86_64 0.1.0 4.70 229.86 234.56 OK
r-patched-solaris-x86 0.1.0 420.90 NOTE
r-release-linux-x86_64 0.1.0 5.69 227.34 233.03 OK
r-release-windows-ix86+x86_64 0.1.0 14.00 317.00 331.00 OK
r-release-osx-x86_64 0.1.0 NOTE
r-oldrel-windows-ix86+x86_64 0.1.0 9.00 259.00 268.00 OK
r-oldrel-osx-x86_64 0.1.0 NOTE

Check Details

Version: 0.1.0
Check: dependencies in R code
Result: NOTE
    Namespaces in Imports field not imported from:
     ‘rgdal’ ‘tidyr’
     All declared Imports should be used.
Flavors: r-devel-linux-x86_64-fedora-clang, r-devel-linux-x86_64-fedora-gcc, r-patched-solaris-x86, r-release-osx-x86_64, r-oldrel-osx-x86_64