CRAN Package Check Results for Package boxcoxmix

Last updated on 2018-02-25 00:48:33 CET.

Flavor Version Tinstall Tcheck Ttotal Status Flags
r-devel-linux-x86_64-debian-clang 0.15 2.87 78.19 81.06 NOTE
r-devel-linux-x86_64-debian-gcc 0.15 2.55 58.78 61.33 NOTE
r-devel-linux-x86_64-fedora-clang 0.15 95.67 NOTE
r-devel-linux-x86_64-fedora-gcc 0.15 94.78 NOTE
r-devel-windows-ix86+x86_64 0.15 8.00 131.00 139.00 OK
r-patched-linux-x86_64 0.15 2.14 83.00 85.14 OK
r-patched-solaris-x86 0.15 111.20 OK
r-release-linux-x86_64 0.15 2.39 82.83 85.22 OK
r-release-windows-ix86+x86_64 0.15 10.00 144.00 154.00 OK
r-release-osx-x86_64 0.15 OK
r-oldrel-windows-ix86+x86_64 0.15 5.00 140.00 145.00 OK
r-oldrel-osx-x86_64 0.15 OK

Check Details

Version: 0.15
Check: DESCRIPTION meta-information
Result: NOTE
    Dependence on R version ‘3.3.2’ not with patchlevel 0
Flavors: r-devel-linux-x86_64-debian-clang, r-devel-linux-x86_64-debian-gcc, r-devel-linux-x86_64-fedora-clang, r-devel-linux-x86_64-fedora-gcc