CRAN Package Check Results for Package caretEnsemble

Last updated on 2018-02-25 00:48:34 CET.

Flavor Version Tinstall Tcheck Ttotal Status Flags
r-devel-linux-x86_64-debian-clang 2.0.0 8.45 375.88 384.33 OK
r-devel-linux-x86_64-debian-gcc 2.0.0 7.13 272.94 280.07 OK
r-devel-linux-x86_64-fedora-clang 2.0.0 433.86 OK
r-devel-linux-x86_64-fedora-gcc 2.0.0 418.49 OK
r-devel-windows-ix86+x86_64 2.0.0 23.00 443.00 466.00 OK
r-patched-linux-x86_64 2.0.0 8.97 359.83 368.80 OK
r-patched-solaris-x86 2.0.0 637.30 ERROR
r-release-linux-x86_64 2.0.0 8.52 349.77 358.29 OK
r-release-windows-ix86+x86_64 2.0.0 29.00 458.00 487.00 OK
r-release-osx-x86_64 2.0.0 OK
r-oldrel-windows-ix86+x86_64 2.0.0 20.00 351.00 371.00 OK
r-oldrel-osx-x86_64 2.0.0 OK

Check Details

Version: 2.0.0
Check: tests
Result: ERROR
     Running ‘testthat.R’ [258s/392s]
    Running the tests in ‘tests/testthat.R’ failed.
    Complete output:
     > library(testthat)
     > library(caretEnsemble)
     >
     > test_check("caretEnsemble")
     ── 1. Error: caretList errors for bad models (@test-caretList.R#84) ───────────
     caret:train failed for all models. Please inspect your data.
     1: suppressWarnings({
     sink <- capture.output({
     expect_error(caretList(iris[, 1:4], iris[, 5], tuneList = bad_bad, trControl = my_control))
     expect_error(caretList(iris[, 1:4], iris[, 5], tuneList = good_bad, trControl = my_control))
     expect_error(caretList(iris[, 1:4], iris[, 5], tuneList = bad_bad, trControl = my_control,
     continue_on_fail = TRUE))
     expect_is(caretList(iris[, 1:4], iris[, 5], tuneList = good_bad, trControl = my_control,
     continue_on_fail = TRUE), "caretList")
     })
     }) at testthat/test-caretList.R:84
     2: withCallingHandlers(expr, warning = function(w) invokeRestart("muffleWarning"))
     3: capture.output({
     expect_error(caretList(iris[, 1:4], iris[, 5], tuneList = bad_bad, trControl = my_control))
     expect_error(caretList(iris[, 1:4], iris[, 5], tuneList = good_bad, trControl = my_control))
     expect_error(caretList(iris[, 1:4], iris[, 5], tuneList = bad_bad, trControl = my_control,
     continue_on_fail = TRUE))
     expect_is(caretList(iris[, 1:4], iris[, 5], tuneList = good_bad, trControl = my_control,
     continue_on_fail = TRUE), "caretList")
     }) at testthat/test-caretList.R:85
     4: evalVis(expr)
     5: withVisible(eval(expr, pf))
     6: eval(expr, pf)
     7: eval(expr, pf)
     8: expect_is(caretList(iris[, 1:4], iris[, 5], tuneList = good_bad, trControl = my_control,
     continue_on_fail = TRUE), "caretList")
     9: quasi_label(enquo(object), label)
     10: eval_bare(get_expr(quo), get_env(quo))
     11: caretList(iris[, 1:4], iris[, 5], tuneList = good_bad, trControl = my_control, continue_on_fail = TRUE)
     12: stop("caret:train failed for all models. Please inspect your data.")
    
     ══ testthat results ═══════════════════════════════════════════════════════════
     OK: 444 SKIPPED: 29 FAILED: 1
     1. Error: caretList errors for bad models (@test-caretList.R#84)
    
     Error: testthat unit tests failed
     Execution halted
Flavor: r-patched-solaris-x86