Last updated on 2018-02-25 00:48:34 CET.
Flavor | Version | Tinstall | Tcheck | Ttotal | Status | Flags |
---|---|---|---|---|---|---|
r-devel-linux-x86_64-debian-clang | 0.1.0 | 3.79 | 177.34 | 181.13 | NOTE | |
r-devel-linux-x86_64-debian-gcc | 0.1.0 | 2.86 | 125.56 | 128.42 | NOTE | |
r-devel-linux-x86_64-fedora-clang | 0.1.0 | 208.38 | NOTE | |||
r-devel-linux-x86_64-fedora-gcc | 0.1.0 | 203.50 | NOTE | |||
r-devel-windows-ix86+x86_64 | 0.1.0 | 9.00 | 277.00 | 286.00 | OK | |
r-patched-linux-x86_64 | 0.1.0 | 2.56 | 200.97 | 203.53 | OK | |
r-patched-solaris-x86 | 0.1.0 | 329.20 | OK | |||
r-release-linux-x86_64 | 0.1.0 | 3.24 | 196.79 | 200.03 | OK | |
r-release-windows-ix86+x86_64 | 0.1.0 | 11.00 | 329.00 | 340.00 | OK | |
r-release-osx-x86_64 | 0.1.0 | OK | ||||
r-oldrel-windows-ix86+x86_64 | 0.1.0 | 7.00 | 195.00 | 202.00 | OK | |
r-oldrel-osx-x86_64 | 0.1.0 | OK |
Version: 0.1.0
Check: DESCRIPTION meta-information
Result: NOTE
Dependence on R version ‘3.3.1’ not with patchlevel 0
Flavors: r-devel-linux-x86_64-debian-clang, r-devel-linux-x86_64-debian-gcc, r-devel-linux-x86_64-fedora-clang, r-devel-linux-x86_64-fedora-gcc