CRAN Package Check Results for Package comtradr

Last updated on 2018-02-25 00:48:35 CET.

Flavor Version Tinstall Tcheck Ttotal Status Flags
r-devel-linux-x86_64-debian-clang 0.1.0 1.67 27.81 29.48 OK
r-devel-linux-x86_64-debian-gcc 0.1.0 1.32 22.43 23.75 OK
r-devel-linux-x86_64-fedora-clang 0.1.0 35.20 OK
r-devel-linux-x86_64-fedora-gcc 0.1.0 33.53 OK
r-devel-windows-ix86+x86_64 0.1.0 5.00 277.00 282.00 WARN
r-patched-linux-x86_64 0.1.0 0.85 33.31 34.16 OK
r-patched-solaris-x86 0.1.0 51.00 OK
r-release-linux-x86_64 0.1.0 1.14 33.17 34.31 OK
r-release-windows-ix86+x86_64 0.1.0 5.00 113.00 118.00 OK
r-release-osx-x86_64 0.1.0 OK
r-oldrel-windows-ix86+x86_64 0.1.0 3.00 90.00 93.00 OK
r-oldrel-osx-x86_64 0.1.0 OK

Check Details

Version: 0.1.0
Check: re-building of vignette outputs
Result: WARN
    Error in re-building vignettes:
     ...
    Quitting from lines 36-42 (comtradr-vignette.Rmd)
    Error: processing vignette 'comtradr-vignette.Rmd' failed with diagnostics:
    OpenSSL SSL_read: SSL_ERROR_SYSCALL, errno 0
    Execution halted
Flavor: r-devel-windows-ix86+x86_64