Last updated on 2018-02-25 00:48:35 CET.
Flavor | Version | Tinstall | Tcheck | Ttotal | Status | Flags |
---|---|---|---|---|---|---|
r-devel-linux-x86_64-debian-clang | 1.1-2 | 2.03 | 38.03 | 40.06 | OK | |
r-devel-linux-x86_64-debian-gcc | 1.1-2 | 2.06 | 30.06 | 32.12 | OK | |
r-devel-linux-x86_64-fedora-clang | 1.1-2 | 47.92 | OK | |||
r-devel-linux-x86_64-fedora-gcc | 1.1-2 | 46.51 | OK | |||
r-devel-windows-ix86+x86_64 | 1.1-2 | 6.00 | 84.00 | 90.00 | OK | |
r-patched-linux-x86_64 | 1.1-2 | 1.79 | 41.89 | 43.68 | OK | |
r-patched-solaris-x86 | 1.1-2 | 75.50 | OK | |||
r-release-linux-x86_64 | 1.1-2 | 1.96 | 41.41 | 43.37 | OK | |
r-release-windows-ix86+x86_64 | 1.1-2 | 10.00 | 80.00 | 90.00 | OK | |
r-release-osx-x86_64 | 1.1-2 | WARN | ||||
r-oldrel-windows-ix86+x86_64 | 1.1-2 | 5.00 | 55.00 | 60.00 | OK | |
r-oldrel-osx-x86_64 | 1.1-2 | OK |
Version: 1.1-2
Check: re-building of vignette outputs
Result: WARN
Error in re-building vignettes:
...
Warning: running command 'kpsewhich framed.sty' had status 1
Warning in test_latex_pkg("framed", system.file("misc", "framed.sty", package = "knitr")) :
unable to find LaTeX package 'framed'; will use a copy from knitr
Loading required package: tcltk
For more information on the usage of the Confidence tool, type:
vignette("confidence")
Examples of input files can be found in:
'/Volumes/XT3/Builds/R-dev-web/QA/Simon/packages/el-capitan-x86_64/results/3.4/confidence.Rcheck/confidence/extdata'
Error in texi2dvi(file = file, pdf = TRUE, clean = clean, quiet = quiet, :
Running 'texi2dvi' on 'confidence.tex' failed.
LaTeX errors:
! LaTeX Error: File `sectsty.sty' not found.
Type X to quit or <RETURN> to proceed,
or enter new name. (Default extension: sty)
! Emergency stop.
<read *>
l.74 \allsectionsfont
{\sffamily}^^M
! ==> Fatal error occurred, no output PDF file produced!
Calls: buildVignettes -> texi2pdf -> texi2dvi
Execution halted
Flavor: r-release-osx-x86_64