CRAN Package Check Results for Package corpus

Last updated on 2018-02-25 00:48:35 CET.

Flavor Version Tinstall Tcheck Ttotal Status Flags
r-devel-linux-x86_64-debian-clang 0.10.0 25.20 42.15 67.35 OK
r-devel-linux-x86_64-debian-gcc 0.10.0 20.18 33.04 53.22 OK
r-devel-linux-x86_64-fedora-clang 0.10.0 78.57 NOTE
r-devel-linux-x86_64-fedora-gcc 0.10.0 76.66 NOTE
r-devel-windows-ix86+x86_64 0.10.0 133.00 99.00 232.00 OK
r-patched-linux-x86_64 0.10.0 19.87 48.87 68.74 OK
r-patched-solaris-x86 0.10.0 110.00 NOTE
r-release-linux-x86_64 0.10.0 20.32 48.46 68.78 OK
r-release-windows-ix86+x86_64 0.10.0 79.00 102.00 181.00 OK
r-release-osx-x86_64 0.10.0 NOTE
r-oldrel-windows-ix86+x86_64 0.10.0 86.00 70.00 156.00 OK
r-oldrel-osx-x86_64 0.10.0 NOTE

Check Details

Version: 0.10.0
Check: data for non-ASCII characters
Result: NOTE
     Note: found 578 marked UTF-8 strings
Flavors: r-devel-linux-x86_64-fedora-clang, r-devel-linux-x86_64-fedora-gcc, r-patched-solaris-x86, r-release-osx-x86_64, r-oldrel-osx-x86_64