Last updated on 2018-02-25 00:48:36 CET.
Flavor | Version | Tinstall | Tcheck | Ttotal | Status | Flags |
---|---|---|---|---|---|---|
r-devel-linux-x86_64-debian-clang | 1.0 | 12.97 | 287.39 | 300.36 | WARN | |
r-devel-linux-x86_64-debian-gcc | 1.0 | 14.00 | 227.69 | 241.69 | WARN | |
r-devel-windows-ix86+x86_64 | 1.0 | 38.00 | 382.00 | 420.00 | WARN | |
r-patched-linux-x86_64 | 1.0 | 10.98 | 315.94 | 326.92 | OK | |
r-release-linux-x86_64 | 1.0 | 12.52 | 307.97 | 320.49 | OK | |
r-release-windows-ix86+x86_64 | 1.0 | 35.00 | 398.00 | 433.00 | OK | |
r-release-osx-x86_64 | 1.0 | ERROR | ||||
r-oldrel-windows-ix86+x86_64 | 1.0 | 24.00 | 299.00 | 323.00 | OK | |
r-oldrel-osx-x86_64 | 1.0 | NOTE |
Version: 1.0
Check: whether package can be installed
Result: WARN
Found the following significant warnings:
Note: break may be used in wrong context: no loop is visible
Flavors: r-devel-linux-x86_64-debian-clang, r-devel-linux-x86_64-debian-gcc, r-devel-windows-ix86+x86_64
Version: 1.0
Check: package dependencies
Result: ERROR
Packages required but not available: ‘SNPRelate’ ‘qvalue’
See section ‘The DESCRIPTION file’ in the ‘Writing R Extensions’
manual.
Flavor: r-release-osx-x86_64
Version: 1.0
Check: dependencies in R code
Result: NOTE
Namespaces in Imports field not imported from:
‘DBI’ ‘Demerelate’ ‘misc3d’ ‘plotly’ ‘quadprog’ ‘rgl’
All declared Imports should be used.
Flavor: r-oldrel-osx-x86_64