CRAN Package Check Results for Package dataview

Last updated on 2018-02-25 00:48:36 CET.

Flavor Version Tinstall Tcheck Ttotal Status Flags
r-devel-linux-x86_64-debian-clang 2.1.1 1.53 22.00 23.53 NOTE
r-devel-linux-x86_64-debian-gcc 2.1.1 1.30 17.57 18.87 NOTE
r-devel-linux-x86_64-fedora-clang 2.1.1 29.32 NOTE
r-devel-linux-x86_64-fedora-gcc 2.1.1 27.64 NOTE
r-devel-windows-ix86+x86_64 2.1.1 5.00 44.00 49.00 NOTE
r-patched-linux-x86_64 2.1.1 1.06 23.59 24.65 NOTE
r-patched-solaris-x86 2.1.1 44.20 NOTE
r-release-linux-x86_64 2.1.1 1.09 23.28 24.37 NOTE
r-release-windows-ix86+x86_64 2.1.1 3.00 48.00 51.00 NOTE
r-release-osx-x86_64 2.1.1 NOTE
r-oldrel-windows-ix86+x86_64 2.1.1 3.00 42.00 45.00 NOTE
r-oldrel-osx-x86_64 2.1.1 NOTE

Check Details

Version: 2.1.1
Check: R code for possible problems
Result: NOTE
    browse: no visible global function definition for ‘slot’
    browse: no visible global function definition for ‘page’
    default.options: no visible binding for global variable ‘object.size’
    heat.view: no visible global function definition for ‘head’
    heat.view: no visible global function definition for ‘tail’
    whos: no visible global function definition for ‘slotNames’
    whos : <anonymous> : <anonymous>: no visible global function definition
     for ‘slot’
    Undefined global functions or variables:
     head object.size page slot slotNames tail
    Consider adding
     importFrom("methods", "slot", "slotNames")
     importFrom("utils", "head", "object.size", "page", "tail")
    to your NAMESPACE file (and ensure that your DESCRIPTION Imports field
    contains 'methods').
    
    Found the following calls to attach():
    File ‘dataview/R/browse.R’:
     attach(x)
    File ‘dataview/R/entry_view.R’:
     attach(x)
    See section ‘Good practice’ in ‘?attach’.
Flavors: r-devel-linux-x86_64-debian-clang, r-devel-linux-x86_64-debian-gcc, r-patched-linux-x86_64, r-release-linux-x86_64

Version: 2.1.1
Check: R code for possible problems
Result: NOTE
    browse: no visible global function definition for ‘slot’
    browse: no visible global function definition for ‘page’
    default.options: no visible binding for global variable ‘object.size’
    heat.view: no visible global function definition for ‘head’
    heat.view: no visible global function definition for ‘tail’
    whos: no visible global function definition for ‘slotNames’
    whos : <anonymous> : <anonymous>: no visible global function definition
     for ‘slot’
    Undefined global functions or variables:
     head object.size page slot slotNames tail
    Consider adding
     importFrom("methods", "slot", "slotNames")
     importFrom("utils", "head", "object.size", "page", "tail")
    to your NAMESPACE file (and ensure that your DESCRIPTION Imports field
    contains 'methods').
Flavors: r-devel-linux-x86_64-fedora-clang, r-devel-linux-x86_64-fedora-gcc, r-devel-windows-ix86+x86_64, r-patched-solaris-x86, r-release-windows-ix86+x86_64, r-release-osx-x86_64, r-oldrel-windows-ix86+x86_64, r-oldrel-osx-x86_64