Last updated on 2018-02-25 00:48:37 CET.
Flavor | Version | Tinstall | Tcheck | Ttotal | Status | Flags |
---|---|---|---|---|---|---|
r-devel-linux-x86_64-debian-clang | 0.2.2 | 1.65 | 24.49 | 26.14 | OK | |
r-devel-linux-x86_64-debian-gcc | 0.2.2 | 1.62 | 19.67 | 21.29 | OK | |
r-devel-linux-x86_64-fedora-clang | 0.2.2 | 33.99 | OK | |||
r-devel-linux-x86_64-fedora-gcc | 0.2.2 | 31.99 | OK | |||
r-devel-windows-ix86+x86_64 | 0.2.2 | 7.00 | 36.00 | 43.00 | OK | |
r-patched-linux-x86_64 | 0.2.2 | 1.09 | 24.03 | 25.12 | OK | |
r-patched-solaris-x86 | 0.2.2 | 41.00 | OK | |||
r-release-linux-x86_64 | 0.2.2 | 1.06 | 24.10 | 25.16 | OK | |
r-release-windows-ix86+x86_64 | 0.2.2 | 5.00 | 58.00 | 63.00 | OK | |
r-release-osx-x86_64 | 0.2.2 | ERROR | ||||
r-oldrel-windows-ix86+x86_64 | 0.2.2 | 3.00 | 50.00 | 53.00 | OK | |
r-oldrel-osx-x86_64 | 0.2.2 | ERROR |
Version: 0.2.2
Check: package dependencies
Result: ERROR
Package required but not available: ‘Rmpi’
See section ‘The DESCRIPTION file’ in the ‘Writing R Extensions’
manual.
Flavors: r-release-osx-x86_64, r-oldrel-osx-x86_64