CRAN Package Check Results for Package downscale

Last updated on 2018-02-25 00:48:37 CET.

Flavor Version Tinstall Tcheck Ttotal Status Flags
r-devel-linux-x86_64-debian-clang 2.0-3 5.44 110.94 116.38 OK
r-devel-linux-x86_64-debian-gcc 2.0-3 5.07 84.84 89.91 OK
r-devel-linux-x86_64-fedora-clang 2.0-3 145.34 OK
r-devel-linux-x86_64-fedora-gcc 2.0-3 137.81 OK
r-devel-windows-ix86+x86_64 2.0-3 16.00 163.00 179.00 OK
r-patched-linux-x86_64 2.0-3 4.24 112.03 116.27 OK
r-patched-solaris-x86 2.0-3 174.50 OK
r-release-linux-x86_64 2.0-3 5.72 110.79 116.51 OK
r-release-windows-ix86+x86_64 2.0-3 15.00 170.00 185.00 OK
r-release-osx-x86_64 2.0-3 NOTE
r-oldrel-windows-ix86+x86_64 2.0-3 9.00 125.00 134.00 OK
r-oldrel-osx-x86_64 2.0-3 OK

Check Details

Version: 2.0-3
Check: re-building of vignette outputs
Result: NOTE
    Error in re-building vignettes:
     ...
    Error in texi2dvi(file = file, pdf = TRUE, clean = clean, quiet = quiet, :
     Running 'texi2dvi' on 'Downscaling.tex' failed.
    LaTeX errors:
    ! LaTeX Error: File `silence.sty' not found.
    
    Type X to quit or <RETURN> to proceed,
    or enter new name. (Default extension: sty)
    
    ! Emergency stop.
    <read *>
    
    l.10 \usepackage
     {multirow}^^M
    ! ==> Fatal error occurred, no output PDF file produced!
    Calls: buildVignettes -> texi2pdf -> texi2dvi
    Execution halted
Flavor: r-release-osx-x86_64