CRAN Package Check Results for Package ecoengine

Last updated on 2018-02-25 00:48:38 CET.

Flavor Version Tinstall Tcheck Ttotal Status Flags
r-devel-linux-x86_64-debian-clang 1.11.0 3.00 34.68 37.68 OK
r-devel-linux-x86_64-debian-gcc 1.11.0 2.86 27.33 30.19 OK
r-devel-linux-x86_64-fedora-clang 1.11.0 46.22 NOTE
r-devel-linux-x86_64-fedora-gcc 1.11.0 43.54 NOTE
r-devel-windows-ix86+x86_64 1.11.0 9.00 62.00 71.00 OK
r-patched-linux-x86_64 1.11.0 2.77 34.98 37.75 OK
r-patched-solaris-x86 1.11.0 61.60 NOTE
r-release-linux-x86_64 1.11.0 2.02 34.77 36.79 OK
r-release-windows-ix86+x86_64 1.11.0 11.00 62.00 73.00 OK
r-release-osx-x86_64 1.11.0 NOTE
r-oldrel-windows-ix86+x86_64 1.11.0 6.00 47.00 53.00 OK
r-oldrel-osx-x86_64 1.11.0 NOTE

Check Details

Version: 1.11.0
Check: dependencies in R code
Result: NOTE
    Namespace in Imports field not imported from: ‘magrittr’
     All declared Imports should be used.
Flavors: r-devel-linux-x86_64-fedora-clang, r-devel-linux-x86_64-fedora-gcc, r-patched-solaris-x86, r-release-osx-x86_64, r-oldrel-osx-x86_64