Last updated on 2018-02-25 00:48:38 CET.
Flavor | Version | Tinstall | Tcheck | Ttotal | Status | Flags |
---|---|---|---|---|---|---|
r-devel-linux-x86_64-debian-clang | 1.3.9 | 3.17 | 35.83 | 39.00 | OK | |
r-devel-linux-x86_64-debian-gcc | 1.3.9 | 2.66 | 28.13 | 30.79 | OK | |
r-devel-linux-x86_64-fedora-clang | 1.3.9 | 47.71 | OK | |||
r-devel-linux-x86_64-fedora-gcc | 1.3.9 | 45.76 | OK | |||
r-devel-windows-ix86+x86_64 | 1.3.9 | 9.00 | 70.00 | 79.00 | OK | |
r-patched-linux-x86_64 | 1.3.9 | 2.04 | 42.75 | 44.79 | OK | |
r-patched-solaris-x86 | 1.3.9 | 61.60 | OK | |||
r-release-linux-x86_64 | 1.3.9 | 2.06 | 42.46 | 44.52 | OK | |
r-release-windows-ix86+x86_64 | 1.3.9 | 6.00 | 76.00 | 82.00 | OK | |
r-release-osx-x86_64 | 1.3.9 | OK | ||||
r-oldrel-windows-ix86+x86_64 | 1.3.9 | 5.00 | 47.00 | 52.00 | OK | |
r-oldrel-osx-x86_64 | 1.3.9 | NOTE |
Version: 1.3.9
Check: dependencies in R code
Result: NOTE
Invalid MIT-MAGIC-COOKIE-1 key
Flavor: r-oldrel-osx-x86_64