CRAN Package Check Results for Package emmeans

Last updated on 2018-02-25 00:48:38 CET.

Flavor Version Tinstall Tcheck Ttotal Status Flags
r-devel-linux-x86_64-debian-clang 1.1 11.74 133.07 144.81 NOTE
r-devel-linux-x86_64-debian-gcc 1.1 8.64 100.43 109.07 NOTE
r-devel-linux-x86_64-fedora-clang 1.1 169.57 NOTE
r-devel-linux-x86_64-fedora-gcc 1.1 170.24 NOTE
r-devel-windows-ix86+x86_64 1.1 23.00 182.00 205.00 NOTE
r-patched-linux-x86_64 1.1 9.38 153.36 162.74 NOTE
r-patched-solaris-x86 1.1.2 218.60 NOTE
r-release-linux-x86_64 1.1 12.70 153.99 166.69 NOTE
r-release-windows-ix86+x86_64 1.1 26.00 209.00 235.00 OK
r-release-osx-x86_64 1.1 NOTE
r-oldrel-windows-ix86+x86_64 1.1 17.00 153.00 170.00 OK
r-oldrel-osx-x86_64 1.0 NOTE

Check Details

Version: 1.1
Check: package dependencies
Result: NOTE
    Package which this enhances but not available for checking: ‘glmmADMB’
Flavors: r-devel-linux-x86_64-debian-clang, r-devel-linux-x86_64-debian-gcc, r-devel-linux-x86_64-fedora-clang, r-devel-linux-x86_64-fedora-gcc, r-devel-windows-ix86+x86_64, r-patched-linux-x86_64, r-release-linux-x86_64, r-release-osx-x86_64

Version: 1.1.2
Check: package dependencies
Result: NOTE
    Package which this enhances but not available for checking: ‘glmmADMB’
Flavor: r-patched-solaris-x86

Version: 1.0
Check: package dependencies
Result: NOTE
    Package which this enhances but not available for checking: ‘glmmADMB’
Flavor: r-oldrel-osx-x86_64