Last updated on 2018-02-25 00:48:39 CET.
Flavor | Version | Tinstall | Tcheck | Ttotal | Status | Flags |
---|---|---|---|---|---|---|
r-devel-linux-x86_64-debian-clang | 1.0.5 | 9.28 | 85.18 | 94.46 | OK | |
r-devel-linux-x86_64-debian-gcc | 1.0.5 | 8.68 | 66.70 | 75.38 | OK | |
r-devel-linux-x86_64-fedora-clang | 1.0.5 | 114.19 | NOTE | |||
r-devel-linux-x86_64-fedora-gcc | 1.0.5 | 113.93 | NOTE | |||
r-devel-windows-ix86+x86_64 | 1.0.5 | 21.00 | 118.00 | 139.00 | NOTE | |
r-patched-linux-x86_64 | 1.0.5 | 4.71 | 90.24 | 94.95 | OK | |
r-patched-solaris-x86 | 1.0.5 | 162.10 | NOTE | |||
r-release-linux-x86_64 | 1.0.5 | 5.61 | 89.48 | 95.09 | OK | |
r-release-windows-ix86+x86_64 | 1.0.5 | 22.00 | 126.00 | 148.00 | OK | |
r-release-osx-x86_64 | 1.0.5 | NOTE | ||||
r-oldrel-windows-ix86+x86_64 | 1.0.5 | 12.00 | 86.00 | 98.00 | OK | |
r-oldrel-osx-x86_64 | 1.0.5 | OK |
Version: 1.0.5
Check: package dependencies
Result: NOTE
Package suggested but not available for checking: ‘mzR’
Flavors: r-devel-linux-x86_64-fedora-clang, r-devel-linux-x86_64-fedora-gcc, r-devel-windows-ix86+x86_64, r-patched-solaris-x86, r-release-osx-x86_64