CRAN Package Check Results for Package ergm.count

Last updated on 2018-02-25 00:48:39 CET.

Flavor Version Tinstall Tcheck Ttotal Status Flags
r-devel-linux-x86_64-debian-clang 3.2.2 5.46 79.08 84.54 NOTE
r-devel-linux-x86_64-debian-gcc 3.2.2 4.71 59.37 64.08 NOTE
r-devel-linux-x86_64-fedora-clang 3.2.2 102.21 NOTE
r-devel-linux-x86_64-fedora-gcc 3.2.2 101.21 NOTE
r-devel-windows-ix86+x86_64 3.2.2 17.00 178.00 195.00 OK
r-patched-linux-x86_64 3.2.2 5.87 82.71 88.58 NOTE
r-patched-solaris-x86 3.2.2 164.70 OK
r-release-linux-x86_64 3.2.2 5.29 83.28 88.57 NOTE
r-release-windows-ix86+x86_64 3.2.2 23.00 183.00 206.00 OK
r-release-osx-x86_64 3.2.2 OK
r-oldrel-windows-ix86+x86_64 3.2.2 13.00 174.00 187.00 OK
r-oldrel-osx-x86_64 3.2.2 OK

Check Details

Version: 3.2.2
Check: compiled code
Result: NOTE
    File ‘ergm.count/libs/ergm.count.so’:
     Found no calls to: ‘R_registerRoutines’, ‘R_useDynamicSymbols’
    
    It is good practice to register native routines and to disable symbol
    search.
    
    See ‘Writing portable packages’ in the ‘Writing R Extensions’ manual.
Flavors: r-devel-linux-x86_64-debian-clang, r-devel-linux-x86_64-debian-gcc, r-devel-linux-x86_64-fedora-clang, r-devel-linux-x86_64-fedora-gcc, r-patched-linux-x86_64, r-release-linux-x86_64