CRAN Package Check Results for Package ergm.rank

Last updated on 2018-02-25 00:48:39 CET.

Flavor Version Tinstall Tcheck Ttotal Status Flags
r-devel-linux-x86_64-debian-clang 1.0.1 6.73 64.83 71.56 NOTE
r-devel-linux-x86_64-debian-gcc 1.0.1 6.31 51.61 57.92 NOTE
r-devel-linux-x86_64-fedora-clang 1.0.1 87.22 NOTE
r-devel-linux-x86_64-fedora-gcc 1.0.1 89.39 NOTE
r-devel-windows-ix86+x86_64 1.0.1 23.00 139.00 162.00 OK
r-patched-linux-x86_64 1.0.1 7.59 67.11 74.70 NOTE
r-patched-solaris-x86 1.0.1 139.60 OK
r-release-linux-x86_64 1.0.1 8.09 66.46 74.55 NOTE
r-release-windows-ix86+x86_64 1.0.1 28.00 138.00 166.00 OK
r-release-osx-x86_64 1.0.1 OK
r-oldrel-windows-ix86+x86_64 1.0.1 17.00 133.00 150.00 OK
r-oldrel-osx-x86_64 1.0.1 OK

Check Details

Version: 1.0.1
Check: compiled code
Result: NOTE
    File ‘ergm.rank/libs/ergm.rank.so’:
     Found no calls to: ‘R_registerRoutines’, ‘R_useDynamicSymbols’
    
    It is good practice to register native routines and to disable symbol
    search.
    
    See ‘Writing portable packages’ in the ‘Writing R Extensions’ manual.
Flavors: r-devel-linux-x86_64-debian-clang, r-devel-linux-x86_64-debian-gcc, r-devel-linux-x86_64-fedora-clang, r-devel-linux-x86_64-fedora-gcc, r-patched-linux-x86_64, r-release-linux-x86_64