Last updated on 2018-02-25 00:48:39 CET.
Flavor | Version | Tinstall | Tcheck | Ttotal | Status | Flags |
---|---|---|---|---|---|---|
r-devel-linux-x86_64-debian-clang | 2.3.2 | 15.22 | 81.60 | 96.82 | NOTE | |
r-devel-linux-x86_64-debian-gcc | 2.3.2 | 12.84 | 63.04 | 75.88 | NOTE | |
r-devel-linux-x86_64-fedora-clang | 2.3.2 | 129.68 | OK | |||
r-devel-linux-x86_64-fedora-gcc | 2.3.2 | 123.34 | OK | |||
r-devel-windows-ix86+x86_64 | 2.3.2 | 48.00 | 186.00 | 234.00 | OK | |
r-patched-linux-x86_64 | 2.3.2 | 11.67 | 81.85 | 93.52 | NOTE | |
r-patched-solaris-x86 | 2.3.2 | 156.00 | NOTE | |||
r-release-linux-x86_64 | 2.3.2 | 11.69 | 80.37 | 92.06 | NOTE | |
r-release-windows-ix86+x86_64 | 2.3.2 | 39.00 | 164.00 | 203.00 | OK | |
r-release-osx-x86_64 | 2.3.2 | NOTE | ||||
r-oldrel-windows-ix86+x86_64 | 2.3.2 | 34.00 | 120.00 | 154.00 | OK | |
r-oldrel-osx-x86_64 | 2.2.2 | NOTE |
Version: 2.3.2
Check: package dependencies
Result: NOTE
Package suggested but not available for checking: ‘INLA’
Flavors: r-devel-linux-x86_64-debian-clang, r-devel-linux-x86_64-debian-gcc, r-patched-linux-x86_64, r-patched-solaris-x86, r-release-linux-x86_64, r-release-osx-x86_64
Version: 2.2.2
Check: package dependencies
Result: NOTE
Package suggested but not available for checking: ‘INLA’
Flavor: r-oldrel-osx-x86_64