CRAN Package Check Results for Package experiment

Last updated on 2018-02-25 00:48:39 CET.

Flavor Version Tinstall Tcheck Ttotal Status Flags
r-devel-linux-x86_64-debian-clang 1.1-2 22.86 34.28 57.14 OK
r-devel-linux-x86_64-debian-gcc 1.1-2 23.02 26.31 49.33 OK
r-devel-linux-x86_64-fedora-clang 1.1-2 68.95 OK
r-devel-linux-x86_64-fedora-gcc 1.1-2 61.66 OK
r-devel-windows-ix86+x86_64 1.1-2 49.00 69.00 118.00 OK
r-patched-linux-x86_64 1.1-2 20.45 35.09 55.54 OK
r-patched-solaris-x86 1.1-2 100.30 OK
r-release-linux-x86_64 1.1-2 19.20 34.70 53.90 OK
r-release-windows-ix86+x86_64 1.1-2 34.00 68.00 102.00 OK
r-release-osx-x86_64 1.1-2 OK
r-oldrel-windows-ix86+x86_64 1.1-2 35.00 66.00 101.00 OK
r-oldrel-osx-x86_64 1.1-1 NOTE

Check Details

Version: 1.1-1
Check: dependencies in R code
Result: NOTE
    Package in Depends field not imported from: ‘boot’
     These packages need to be imported from (in the NAMESPACE file)
     for when this namespace is loaded but not attached.
Flavor: r-oldrel-osx-x86_64

Version: 1.1-1
Check: R code for possible problems
Result: NOTE
    .onAttach: no visible global function definition for
     ‘packageDescription’
    ATEbounds: no visible global function definition for ‘terms’
    ATEbounds: no visible global function definition for ‘model.frame’
    ATEbounds: no visible global function definition for ‘model.matrix’
    ATEbounds: no visible global function definition for ‘model.response’
    ATEbounds: no visible global function definition for ‘boot’
    ATEcluster: no visible global function definition for ‘weighted.mean’
    ATEcluster: no visible binding for global variable ‘var’
    ATEcluster: no visible global function definition for ‘cov’
    ATEcluster: no visible global function definition for ‘var’
    ATEnocov: no visible global function definition for ‘var’
    CACEcluster : cov.internal: no visible global function definition for
     ‘cov’
    CACEcov: no visible global function definition for ‘model.matrix’
    CACEcov: no visible global function definition for ‘fitted’
    CACEcov: no visible global function definition for ‘lm’
    CACEcov: no visible global function definition for ‘coef’
    CACEcov: no visible global function definition for ‘vcov’
    CACEnocov: no visible global function definition for ‘cov’
    CACEnocov: no visible global function definition for ‘var’
    CACEnocov: no visible binding for global variable ‘cov’
    NIbprobit: no visible global function definition for ‘terms’
    NIbprobit: no visible global function definition for ‘model.frame’
    NIbprobit: no visible global function definition for ‘model.matrix’
    NIbprobit: no visible global function definition for ‘model.response’
    NIbprobit: no visible global function definition for ‘complete.cases’
    NIbprobit: no visible global function definition for ‘rbinom’
    NInocov: no visible global function definition for ‘qnorm’
    Noncomp.mom: no visible global function definition for ‘na.omit’
    Noncomp.mom: no visible global function definition for ‘var’
    NoncompLI: no visible global function definition for ‘model.frame’
    NoncompLI: no visible global function definition for ‘model.matrix’
    NoncompLI: no visible global function definition for ‘model.response’
    NoncompLI: no visible global function definition for ‘rnorm’
    NoncompLI: no visible global function definition for ‘runif’
    NoncompMAR: no visible global function definition for ‘model.frame’
    NoncompMAR: no visible global function definition for ‘model.matrix’
    NoncompMAR: no visible global function definition for ‘model.response’
    NoncompMAR: no visible global function definition for ‘na.omit’
    NoncompMAR: no visible global function definition for ‘rbinom’
    boundsCI: no visible global function definition for ‘quantile’
    boundsComp: no visible global function definition for ‘weighted.mean’
    boundsComp: no visible global function definition for ‘qnorm’
    covCluster: no visible global function definition for ‘var’
    print.randomize: no visible global function definition for ‘ftable’
    print.randomize: no visible global function definition for ‘na.omit’
    print.summary.NoncompMAR: no visible global function definition for
     ‘printCoefmat’
    randomize: no visible global function definition for ‘terms’
    randomize: no visible global function definition for ‘model.frame’
    randomize: no visible binding for global variable ‘na.fail’
    randomize: no visible global function definition for ‘model.matrix’
    randomize: no visible global function definition for ‘mahalanobis’
    randomize: no visible global function definition for ‘var’
    randomize: no visible global function definition for ‘quantile’
    summary.NoncompMAR: no visible binding for global variable ‘sd’
    summary.NoncompMAR: no visible binding for global variable ‘quantile’
    weighted.var: no visible global function definition for ‘weighted.mean’
    Undefined global functions or variables:
     boot coef complete.cases cov fitted ftable lm mahalanobis model.frame
     model.matrix model.response na.fail na.omit packageDescription
     printCoefmat qnorm quantile rbinom rnorm runif sd terms var vcov
     weighted.mean
    Consider adding
     importFrom("stats", "coef", "complete.cases", "cov", "fitted",
     "ftable", "lm", "mahalanobis", "model.frame",
     "model.matrix", "model.response", "na.fail", "na.omit",
     "printCoefmat", "qnorm", "quantile", "rbinom", "rnorm",
     "runif", "sd", "terms", "var", "vcov", "weighted.mean")
     importFrom("utils", "packageDescription")
    to your NAMESPACE file.
Flavor: r-oldrel-osx-x86_64