Last updated on 2018-02-25 00:48:39 CET.
Flavor | Version | Tinstall | Tcheck | Ttotal | Status | Flags |
---|---|---|---|---|---|---|
r-devel-linux-x86_64-debian-clang | 0.9 | 7.56 | 54.17 | 61.73 | WARN | |
r-devel-linux-x86_64-debian-gcc | 0.9 | 6.07 | 43.75 | 49.82 | WARN | |
r-devel-linux-x86_64-fedora-clang | 0.9 | 75.82 | WARN | |||
r-devel-linux-x86_64-fedora-gcc | 0.9 | 74.45 | WARN | |||
r-devel-windows-ix86+x86_64 | 0.9 | 27.00 | 108.00 | 135.00 | NOTE | |
r-patched-linux-x86_64 | 0.9 | 7.00 | 55.05 | 62.05 | WARN | |
r-patched-solaris-x86 | 0.9 | 118.60 | NOTE | |||
r-release-linux-x86_64 | 0.9 | 6.21 | 54.27 | 60.48 | WARN | |
r-release-windows-ix86+x86_64 | 0.9 | 14.00 | 105.00 | 119.00 | NOTE | |
r-release-osx-x86_64 | 0.9 | WARN | ||||
r-oldrel-windows-ix86+x86_64 | 0.9 | 16.00 | 99.00 | 115.00 | NOTE | |
r-oldrel-osx-x86_64 | 0.9 | NOTE |
Version: 0.9
Check: whether package can be installed
Result: WARN
Found the following significant warnings:
Warning: iteration 7 invokes undefined behavior [-Waggressive-loop-optimizations]
Flavors: r-devel-linux-x86_64-debian-clang, r-devel-linux-x86_64-debian-gcc, r-devel-linux-x86_64-fedora-clang, r-devel-linux-x86_64-fedora-gcc, r-patched-linux-x86_64, r-release-linux-x86_64, r-release-osx-x86_64
Version: 0.9
Check: dependencies in R code
Result: NOTE
Package in Depends field not imported from: ‘methods’
These packages need to be imported from (in the NAMESPACE file)
for when this namespace is loaded but not attached.
Flavors: r-devel-linux-x86_64-debian-clang, r-devel-linux-x86_64-debian-gcc, r-devel-linux-x86_64-fedora-clang, r-devel-linux-x86_64-fedora-gcc, r-devel-windows-ix86+x86_64, r-patched-linux-x86_64, r-patched-solaris-x86, r-release-linux-x86_64, r-release-windows-ix86+x86_64, r-release-osx-x86_64, r-oldrel-windows-ix86+x86_64, r-oldrel-osx-x86_64
Version: 0.9
Check: R code for possible problems
Result: NOTE
expv,CsparseMatrix-vector: no visible global function definition for
‘callGeneric’
expv,CsparseMatrix-vector: no visible global function definition for
‘as’
expv,matrix-vector: no visible global function definition for
‘callGeneric’
expv,matrix-vector: no visible global function definition for ‘as’
Undefined global functions or variables:
as callGeneric
Consider adding
importFrom("methods", "as", "callGeneric")
to your NAMESPACE file (and ensure that your DESCRIPTION Imports field
contains 'methods').
Flavors: r-devel-linux-x86_64-debian-clang, r-devel-linux-x86_64-debian-gcc, r-devel-linux-x86_64-fedora-clang, r-devel-linux-x86_64-fedora-gcc, r-devel-windows-ix86+x86_64, r-patched-linux-x86_64, r-patched-solaris-x86, r-release-linux-x86_64, r-release-windows-ix86+x86_64, r-release-osx-x86_64, r-oldrel-windows-ix86+x86_64, r-oldrel-osx-x86_64
Version: 0.9
Check: compiled code
Result: NOTE
File ‘expoRkit/libs/expoRkit.so’:
Found no calls to: ‘R_registerRoutines’, ‘R_useDynamicSymbols’
It is good practice to register native routines and to disable symbol
search.
See ‘Writing portable packages’ in the ‘Writing R Extensions’ manual.
Flavors: r-devel-linux-x86_64-debian-clang, r-devel-linux-x86_64-debian-gcc, r-devel-linux-x86_64-fedora-clang, r-devel-linux-x86_64-fedora-gcc, r-patched-linux-x86_64, r-release-linux-x86_64