Last updated on 2018-02-25 00:48:39 CET.
Flavor | Version | Tinstall | Tcheck | Ttotal | Status | Flags |
---|---|---|---|---|---|---|
r-devel-linux-x86_64-debian-clang | 1.4.8 | 3.65 | 69.22 | 72.87 | OK | |
r-devel-linux-x86_64-debian-gcc | 1.4.8 | 2.72 | 51.46 | 54.18 | OK | |
r-devel-linux-x86_64-fedora-clang | 1.4.8 | 83.46 | OK | |||
r-devel-linux-x86_64-fedora-gcc | 1.4.8 | 81.80 | OK | |||
r-devel-windows-ix86+x86_64 | 1.4.8 | 7.00 | 100.00 | 107.00 | OK | |
r-patched-linux-x86_64 | 1.4.8 | 1.46 | 73.88 | 75.34 | OK | |
r-patched-solaris-x86 | 1.4.8 | 123.60 | OK | |||
r-release-linux-x86_64 | 1.4.8 | 1.53 | 74.13 | 75.66 | OK | |
r-release-windows-ix86+x86_64 | 1.4.8 | 8.00 | 109.00 | 117.00 | OK | |
r-release-osx-x86_64 | 1.4.8 | OK | ||||
r-oldrel-windows-ix86+x86_64 | 1.4.8 | 4.00 | 78.00 | 82.00 | OK | |
r-oldrel-osx-x86_64 | 1.4.8 | WARN |
Version: 1.4.8
Check: dependencies in R code
Result: NOTE
Invalid MIT-MAGIC-COOKIE-1 key
Flavor: r-oldrel-osx-x86_64
Version: 1.4.8
Check: S3 generic/method consistency
Result: WARN
Invalid MIT-MAGIC-COOKIE-1 key
See section ‘Generic functions and methods’ in the ‘Writing R
Extensions’ manual.
Flavor: r-oldrel-osx-x86_64
Version: 1.4.8
Check: replacement functions
Result: WARN
Invalid MIT-MAGIC-COOKIE-1 key
The argument of a replacement function which corresponds to the right
hand side must be named ‘value’.
Flavor: r-oldrel-osx-x86_64
Version: 1.4.8
Check: foreign function calls
Result: NOTE
Invalid MIT-MAGIC-COOKIE-1 key
See chapter ‘System and foreign language interfaces’ in the ‘Writing R
Extensions’ manual.
Flavor: r-oldrel-osx-x86_64
Version: 1.4.8
Check: R code for possible problems
Result: NOTE
Invalid MIT-MAGIC-COOKIE-1 key
Flavor: r-oldrel-osx-x86_64
Version: 1.4.8
Check: for missing documentation entries
Result: WARN
Invalid MIT-MAGIC-COOKIE-1 key
All user-level objects in a package should have documentation entries.
See chapter ‘Writing R documentation files’ in the ‘Writing R
Extensions’ manual.
Flavor: r-oldrel-osx-x86_64
Version: 1.4.8
Check: for code/documentation mismatches
Result: WARN
Invalid MIT-MAGIC-COOKIE-1 key
Invalid MIT-MAGIC-COOKIE-1 key
Invalid MIT-MAGIC-COOKIE-1 key
Flavor: r-oldrel-osx-x86_64
Version: 1.4.8
Check: Rd \usage sections
Result: NOTE
Invalid MIT-MAGIC-COOKIE-1 key
The \usage entries for S3 methods should use the \method markup and not
their full name.
See chapter ‘Writing R documentation files’ in the ‘Writing R
Extensions’ manual.
Flavor: r-oldrel-osx-x86_64