Last updated on 2018-02-25 00:48:39 CET.
Flavor | Version | Tinstall | Tcheck | Ttotal | Status | Flags |
---|---|---|---|---|---|---|
r-devel-linux-x86_64-debian-clang | 1.1.24 | 3.71 | 61.00 | 64.71 | WARN | |
r-devel-linux-x86_64-debian-gcc | 1.1.24 | 3.65 | 38.38 | 42.03 | WARN | |
r-devel-linux-x86_64-fedora-clang | 1.1.24 | 66.47 | WARN | |||
r-devel-linux-x86_64-fedora-gcc | 1.1.24 | 50.91 | WARN | |||
r-devel-windows-ix86+x86_64 | 1.1.24 | 16.00 | 90.00 | 106.00 | WARN | |
r-patched-linux-x86_64 | 1.1.24 | 3.42 | 39.38 | 42.80 | OK | |
r-patched-solaris-x86 | 1.1.24 | 89.90 | OK | |||
r-release-linux-x86_64 | 1.1.24 | 3.73 | 36.52 | 40.25 | OK | |
r-release-windows-ix86+x86_64 | 1.1.24 | 11.00 | 88.00 | 99.00 | OK | |
r-release-osx-x86_64 | 1.1.24 | OK | ||||
r-oldrel-windows-ix86+x86_64 | 1.1.24 | 15.00 | 113.00 | 128.00 | OK | |
r-oldrel-osx-x86_64 | 1.1.24 | OK |
Version: 1.1.24
Check: pragmas in C/C++ headers and code
Result: WARN
Files which contain pragma(s) suppressing important diagnostics:
‘src/fastcluster.cpp’ ‘src/fastcluster_R.cpp’
‘src/python/fastcluster_python.cpp’
Flavors: r-devel-linux-x86_64-debian-clang, r-devel-linux-x86_64-debian-gcc, r-devel-linux-x86_64-fedora-clang, r-devel-linux-x86_64-fedora-gcc, r-devel-windows-ix86+x86_64