Last updated on 2018-02-25 00:48:39 CET.
Flavor | Version | Tinstall | Tcheck | Ttotal | Status | Flags |
---|---|---|---|---|---|---|
r-devel-linux-x86_64-debian-clang | 0.6-3 | 2.05 | 14.93 | 16.98 | NOTE | |
r-devel-linux-x86_64-debian-gcc | 0.6-3 | 1.25 | 12.21 | 13.46 | NOTE | |
r-devel-linux-x86_64-fedora-clang | 0.6-3 | 20.69 | NOTE | |||
r-devel-linux-x86_64-fedora-gcc | 0.6-3 | 19.26 | NOTE | |||
r-devel-windows-ix86+x86_64 | 0.6-3 | 10.00 | 32.00 | 42.00 | OK | |
r-patched-linux-x86_64 | 0.6-3 | 1.53 | 13.79 | 15.32 | NOTE | |
r-patched-solaris-x86 | 0.6-3 | 28.40 | OK | |||
r-release-linux-x86_64 | 0.6-3 | 1.70 | 13.83 | 15.53 | NOTE | |
r-release-windows-ix86+x86_64 | 0.6-3 | 7.00 | 38.00 | 45.00 | OK | |
r-release-osx-x86_64 | 0.6-3 | OK | ||||
r-oldrel-windows-ix86+x86_64 | 0.6-3 | 7.00 | 26.00 | 33.00 | OK | |
r-oldrel-osx-x86_64 | 0.6-3 | OK |
Version: 0.6-3
Check: compiled code
Result: NOTE
File ‘fastdigest/libs/fastdigest.so’:
Found no call to: ‘R_useDynamicSymbols’
It is good practice to register native routines and to disable symbol
search.
See ‘Writing portable packages’ in the ‘Writing R Extensions’ manual.
Flavors: r-devel-linux-x86_64-debian-clang, r-devel-linux-x86_64-debian-gcc, r-devel-linux-x86_64-fedora-clang, r-devel-linux-x86_64-fedora-gcc, r-patched-linux-x86_64, r-release-linux-x86_64