Last updated on 2018-02-25 00:48:39 CET.
Flavor | Version | Tinstall | Tcheck | Ttotal | Status | Flags |
---|---|---|---|---|---|---|
r-devel-linux-x86_64-debian-clang | 1.2.13 | 6.13 | 73.28 | 79.41 | OK | |
r-devel-linux-x86_64-debian-gcc | 1.2.13 | 5.93 | 57.90 | 63.83 | OK | |
r-devel-linux-x86_64-fedora-clang | 1.2.13 | 100.22 | OK | |||
r-devel-linux-x86_64-fedora-gcc | 1.2.13 | 99.73 | OK | |||
r-devel-windows-ix86+x86_64 | 1.2.13 | 19.00 | 109.00 | 128.00 | OK | |
r-patched-linux-x86_64 | 1.2.13 | 4.92 | 78.97 | 83.89 | OK | |
r-patched-solaris-x86 | 1.2.13 | 152.90 | OK | |||
r-release-linux-x86_64 | 1.2.13 | 4.46 | 77.99 | 82.45 | OK | |
r-release-windows-ix86+x86_64 | 1.2.13 | 15.00 | 116.00 | 131.00 | OK | |
r-release-osx-x86_64 | 1.2.13 | OK | ||||
r-oldrel-windows-ix86+x86_64 | 1.2.13 | 8.00 | 118.00 | 126.00 | OK | |
r-oldrel-osx-x86_64 | 1.2.13 | WARN |
Version: 1.2.13
Check: whether package can be installed
Result: WARN
Found the following significant warnings:
Warning: 'rgl_init' failed, running with rgl.useNULL = TRUE
Flavor: r-oldrel-osx-x86_64
Version: 1.2.13
Check: dependencies in R code
Result: NOTE
Invalid MIT-MAGIC-COOKIE-1 keyInvalid MIT-MAGIC-COOKIE-1 key
Flavor: r-oldrel-osx-x86_64
Version: 1.2.13
Check: S3 generic/method consistency
Result: WARN
Invalid MIT-MAGIC-COOKIE-1 keyInvalid MIT-MAGIC-COOKIE-1 key
See section ‘Generic functions and methods’ in the ‘Writing R
Extensions’ manual.
Flavor: r-oldrel-osx-x86_64
Version: 1.2.13
Check: replacement functions
Result: WARN
Invalid MIT-MAGIC-COOKIE-1 keyInvalid MIT-MAGIC-COOKIE-1 key
The argument of a replacement function which corresponds to the right
hand side must be named ‘value’.
Flavor: r-oldrel-osx-x86_64
Version: 1.2.13
Check: foreign function calls
Result: NOTE
Invalid MIT-MAGIC-COOKIE-1 keyInvalid MIT-MAGIC-COOKIE-1 key
See chapter ‘System and foreign language interfaces’ in the ‘Writing R
Extensions’ manual.
Flavor: r-oldrel-osx-x86_64
Version: 1.2.13
Check: R code for possible problems
Result: NOTE
Invalid MIT-MAGIC-COOKIE-1 keyInvalid MIT-MAGIC-COOKIE-1 key
Flavor: r-oldrel-osx-x86_64
Version: 1.2.13
Check: for missing documentation entries
Result: WARN
Invalid MIT-MAGIC-COOKIE-1 keyInvalid MIT-MAGIC-COOKIE-1 key
All user-level objects in a package should have documentation entries.
See chapter ‘Writing R documentation files’ in the ‘Writing R
Extensions’ manual.
Flavor: r-oldrel-osx-x86_64
Version: 1.2.13
Check: for code/documentation mismatches
Result: WARN
Invalid MIT-MAGIC-COOKIE-1 keyInvalid MIT-MAGIC-COOKIE-1 key
Invalid MIT-MAGIC-COOKIE-1 keyInvalid MIT-MAGIC-COOKIE-1 key
Invalid MIT-MAGIC-COOKIE-1 keyInvalid MIT-MAGIC-COOKIE-1 key
Flavor: r-oldrel-osx-x86_64
Version: 1.2.13
Check: Rd \usage sections
Result: NOTE
Invalid MIT-MAGIC-COOKIE-1 keyInvalid MIT-MAGIC-COOKIE-1 key
The \usage entries for S3 methods should use the \method markup and not
their full name.
See chapter ‘Writing R documentation files’ in the ‘Writing R
Extensions’ manual.
Flavor: r-oldrel-osx-x86_64