Last updated on 2018-02-25 00:48:40 CET.
Flavor | Version | Tinstall | Tcheck | Ttotal | Status | Flags |
---|---|---|---|---|---|---|
r-devel-linux-x86_64-debian-clang | 0.12.3 | 4.92 | 55.76 | 60.68 | NOTE | |
r-devel-linux-x86_64-debian-gcc | 0.12.3 | 5.53 | 43.23 | 48.76 | NOTE | |
r-devel-linux-x86_64-fedora-clang | 0.12.3 | 72.77 | NOTE | |||
r-devel-linux-x86_64-fedora-gcc | 0.12.3 | 73.00 | NOTE | |||
r-devel-windows-ix86+x86_64 | 0.12.3 | 23.00 | 132.00 | 155.00 | OK | |
r-patched-linux-x86_64 | 0.12.3 | 2.95 | 62.06 | 65.01 | NOTE | |
r-patched-solaris-x86 | 0.12.3 | 94.70 | OK | |||
r-release-linux-x86_64 | 0.12.3 | 2.63 | 62.09 | 64.72 | NOTE | |
r-release-windows-ix86+x86_64 | 0.12.3 | 10.00 | 144.00 | 154.00 | OK | |
r-release-osx-x86_64 | 0.12.3 | OK | ||||
r-oldrel-windows-ix86+x86_64 | 0.12.3 | 15.00 | 106.00 | 121.00 | OK | |
r-oldrel-osx-x86_64 | 0.12.3 | OK |
Version: 0.12.3
Check: compiled code
Result: NOTE
File ‘ffbase/libs/ffbase.so’:
Found no calls to: ‘R_registerRoutines’, ‘R_useDynamicSymbols’
It is good practice to register native routines and to disable symbol
search.
See ‘Writing portable packages’ in the ‘Writing R Extensions’ manual.
Flavors: r-devel-linux-x86_64-debian-clang, r-devel-linux-x86_64-debian-gcc, r-devel-linux-x86_64-fedora-clang, r-devel-linux-x86_64-fedora-gcc, r-patched-linux-x86_64, r-release-linux-x86_64