Last updated on 2018-02-25 00:48:40 CET.
Flavor | Version | Tinstall | Tcheck | Ttotal | Status | Flags |
---|---|---|---|---|---|---|
r-devel-linux-x86_64-debian-clang | 0.1.0 | 2.44 | 55.43 | 57.87 | NOTE | |
r-devel-linux-x86_64-debian-gcc | 0.1.0 | 2.78 | 43.01 | 45.79 | NOTE | |
r-devel-linux-x86_64-fedora-clang | 0.1.0 | 69.60 | NOTE | |||
r-devel-linux-x86_64-fedora-gcc | 0.1.0 | 67.65 | NOTE | |||
r-devel-windows-ix86+x86_64 | 0.1.0 | 9.00 | 81.00 | 90.00 | OK | |
r-patched-linux-x86_64 | 0.1.0 | 3.62 | 62.63 | 66.25 | NOTE | |
r-patched-solaris-x86 | 0.1.0 | 98.40 | NOTE | |||
r-release-linux-x86_64 | 0.1.0 | 3.25 | 62.68 | 65.93 | NOTE | |
r-release-windows-ix86+x86_64 | 0.1.0 | 9.00 | 83.00 | 92.00 | OK | |
r-release-osx-x86_64 | 0.1.0 | OK | ||||
r-oldrel-windows-ix86+x86_64 | 0.1.0 | 6.00 | 58.00 | 64.00 | OK | |
r-oldrel-osx-x86_64 | 0.1.0 | OK |
Version: 0.1.0
Check: package dependencies
Result: NOTE
Package suggested but not available for checking: ‘ExtDist’
Flavors: r-devel-linux-x86_64-debian-clang, r-devel-linux-x86_64-debian-gcc, r-devel-linux-x86_64-fedora-clang, r-devel-linux-x86_64-fedora-gcc, r-patched-linux-x86_64, r-patched-solaris-x86, r-release-linux-x86_64