CRAN Package Check Results for Package flood

Last updated on 2018-02-25 00:48:40 CET.

Flavor Version Tinstall Tcheck Ttotal Status Flags
r-devel-linux-x86_64-debian-clang 0.1.1 5.66 64.83 70.49 OK
r-devel-linux-x86_64-debian-gcc 0.1.1 5.06 51.23 56.29 OK
r-devel-linux-x86_64-fedora-clang 0.1.1 87.96 OK
r-devel-linux-x86_64-fedora-gcc 0.1.1 83.69 OK
r-devel-windows-ix86+x86_64 0.1.1 15.00 95.00 110.00 OK
r-patched-linux-x86_64 0.1.1 5.23 70.60 75.83 OK
r-patched-solaris-x86 0.1.1 140.10 OK
r-release-linux-x86_64 0.1.1 4.15 70.74 74.89 OK
r-release-windows-ix86+x86_64 0.1.1 9.00 104.00 113.00 OK
r-release-osx-x86_64 0.1.1 ERROR
r-oldrel-windows-ix86+x86_64 0.1.1 8.00 94.00 102.00 OK
r-oldrel-osx-x86_64 0.1.1 OK

Check Details

Version: 0.1.1
Check: package dependencies
Result: ERROR
    Package required but not available: ‘copula’
    
    See section ‘The DESCRIPTION file’ in the ‘Writing R Extensions’
    manual.
Flavor: r-release-osx-x86_64