CRAN Package Check Results for Package fulltext

Last updated on 2018-02-25 00:48:41 CET.

Flavor Version Tinstall Tcheck Ttotal Status Flags
r-devel-linux-x86_64-debian-clang 1.0.1 8.57 63.21 71.78 OK
r-devel-linux-x86_64-debian-gcc 1.0.1 6.91 50.20 57.11 OK
r-devel-linux-x86_64-fedora-clang 1.0.1 88.23 OK
r-devel-linux-x86_64-fedora-gcc 1.0.1 86.95 OK
r-devel-windows-ix86+x86_64 1.0.1 23.00 100.00 123.00 OK
r-patched-linux-x86_64 1.0.1 4.69 67.55 72.24 OK
r-patched-solaris-x86 1.0.1 115.20 NOTE
r-release-linux-x86_64 1.0.1 3.27 66.76 70.03 OK
r-release-windows-ix86+x86_64 1.0.1 19.00 112.00 131.00 OK
r-release-osx-x86_64 1.0.1 OK
r-oldrel-windows-ix86+x86_64 1.0.1 10.00 77.00 87.00 OK
r-oldrel-osx-x86_64 0.1.8 OK

Check Details

Version: 1.0.1
Check: installed package size
Result: NOTE
     installed size is 5.1Mb
     sub-directories of 1Mb or more:
     examples 4.6Mb
Flavor: r-patched-solaris-x86