CRAN Package Check Results for Package gaiah

Last updated on 2018-02-25 00:48:41 CET.

Flavor Version Tinstall Tcheck Ttotal Status Flags
r-devel-linux-x86_64-debian-clang 0.0.2 1.90 27.35 29.25 OK
r-devel-linux-x86_64-debian-gcc 0.0.2 1.43 21.36 22.79 OK
r-devel-linux-x86_64-fedora-clang 0.0.2 36.45 NOTE
r-devel-linux-x86_64-fedora-gcc 0.0.2 34.99 NOTE
r-devel-windows-ix86+x86_64 0.0.2 5.00 60.00 65.00 OK
r-patched-linux-x86_64 0.0.2 1.53 27.08 28.61 OK
r-patched-solaris-x86 0.0.2 48.60 NOTE
r-release-linux-x86_64 0.0.2 1.59 27.55 29.14 OK
r-release-windows-ix86+x86_64 0.0.2 6.00 54.00 60.00 OK
r-release-osx-x86_64 0.0.2 NOTE
r-oldrel-windows-ix86+x86_64 0.0.2 4.00 38.00 42.00 OK
r-oldrel-osx-x86_64 0.0.2 NOTE

Check Details

Version: 0.0.2
Check: dependencies in R code
Result: NOTE
    Namespaces in Imports field not imported from:
     ‘ggplot2’ ‘maptools’ ‘rgeos’ ‘stringr’ ‘tidyr’
     All declared Imports should be used.
Flavors: r-devel-linux-x86_64-fedora-clang, r-devel-linux-x86_64-fedora-gcc, r-patched-solaris-x86, r-release-osx-x86_64, r-oldrel-osx-x86_64