Last updated on 2018-02-25 00:48:41 CET.
Flavor | Version | Tinstall | Tcheck | Ttotal | Status | Flags |
---|---|---|---|---|---|---|
r-devel-linux-x86_64-debian-clang | 0.9.5-3 | 16.30 | 98.38 | 114.68 | OK | |
r-devel-linux-x86_64-debian-gcc | 0.9.5-3 | 11.65 | 77.74 | 89.39 | OK | |
r-devel-linux-x86_64-fedora-clang | 0.9.5-3 | 143.96 | OK | |||
r-devel-linux-x86_64-fedora-gcc | 0.9.5-3 | 139.06 | OK | |||
r-devel-windows-ix86+x86_64 | 0.9.5-3 | 43.00 | 194.00 | 237.00 | OK | |
r-patched-linux-x86_64 | 0.9.5-3 | 16.01 | 99.55 | 115.56 | OK | |
r-patched-solaris-x86 | 0.9.5-3 | 198.80 | OK | |||
r-release-linux-x86_64 | 0.9.5-3 | 15.56 | 99.31 | 114.87 | OK | |
r-release-windows-ix86+x86_64 | 0.9.5-3 | 53.00 | 214.00 | 267.00 | OK | |
r-release-osx-x86_64 | 0.9.5-3 | NOTE | ||||
r-oldrel-windows-ix86+x86_64 | 0.9.5-3 | 34.00 | 158.00 | 192.00 | OK | |
r-oldrel-osx-x86_64 | 0.9.5-3 | NOTE |
Version: 0.9.5-3
Check: package dependencies
Result: NOTE
Package which this enhances but not available for checking: ‘doMPI’
Flavors: r-release-osx-x86_64, r-oldrel-osx-x86_64