CRAN Package Check Results for Package geiger

Last updated on 2018-02-25 00:48:41 CET.

Flavor Version Tinstall Tcheck Ttotal Status Flags
r-devel-linux-x86_64-debian-clang 2.0.6 33.48 89.67 123.15 NOTE
r-devel-linux-x86_64-debian-gcc 2.0.6 28.62 65.79 94.41 NOTE
r-devel-linux-x86_64-fedora-clang 2.0.6 147.66 NOTE
r-devel-linux-x86_64-fedora-gcc 2.0.6 145.29 NOTE
r-devel-windows-ix86+x86_64 2.0.6 94.00 156.00 250.00 OK
r-patched-linux-x86_64 2.0.6 30.82 98.60 129.42 NOTE
r-patched-solaris-x86 2.0.6 163.80 OK
r-release-linux-x86_64 2.0.6 32.26 96.89 129.15 NOTE
r-release-windows-ix86+x86_64 2.0.6 61.00 152.00 213.00 OK
r-release-osx-x86_64 2.0.6 OK
r-oldrel-windows-ix86+x86_64 2.0.6 60.00 142.00 202.00 OK
r-oldrel-osx-x86_64 2.0.6 OK

Check Details

Version: 2.0.6
Check: compiled code
Result: NOTE
    File ‘geiger/libs/geiger.so’:
     Found no calls to: ‘R_registerRoutines’, ‘R_useDynamicSymbols’
    
    It is good practice to register native routines and to disable symbol
    search.
    
    See ‘Writing portable packages’ in the ‘Writing R Extensions’ manual.
Flavors: r-devel-linux-x86_64-debian-clang, r-devel-linux-x86_64-debian-gcc, r-devel-linux-x86_64-fedora-clang, r-devel-linux-x86_64-fedora-gcc, r-patched-linux-x86_64, r-release-linux-x86_64