Last updated on 2018-02-25 00:48:41 CET.
Flavor | Version | Tinstall | Tcheck | Ttotal | Status | Flags |
---|---|---|---|---|---|---|
r-devel-linux-x86_64-debian-clang | 0.8-2 | 5.95 | 93.83 | 99.78 | NOTE | |
r-devel-linux-x86_64-debian-gcc | 0.8-2 | 6.20 | 69.45 | 75.65 | NOTE | |
r-devel-linux-x86_64-fedora-clang | 0.8-2 | 115.34 | NOTE | |||
r-devel-linux-x86_64-fedora-gcc | 0.8-2 | 113.65 | NOTE | |||
r-devel-windows-ix86+x86_64 | 0.8-2 | 16.00 | 194.00 | 210.00 | OK | |
r-patched-linux-x86_64 | 0.8-2 | 3.00 | 112.14 | 115.14 | NOTE | |
r-patched-solaris-x86 | 0.8-2 | 151.70 | OK | |||
r-release-linux-x86_64 | 0.8-2 | 2.36 | 107.47 | 109.83 | NOTE | |
r-release-windows-ix86+x86_64 | 0.8-2 | 14.00 | 214.00 | 228.00 | OK | |
r-release-osx-x86_64 | 0.8-2 | ERROR | ||||
r-oldrel-windows-ix86+x86_64 | 0.8-2 | 7.00 | 146.00 | 153.00 | OK | |
r-oldrel-osx-x86_64 | 0.8-2 | OK |
Version: 0.8-2
Check: compiled code
Result: NOTE
File ‘gemtc/libs/gemtc.so’:
Found no calls to: ‘R_registerRoutines’, ‘R_useDynamicSymbols’
It is good practice to register native routines and to disable symbol
search.
See ‘Writing portable packages’ in the ‘Writing R Extensions’ manual.
Flavors: r-devel-linux-x86_64-debian-clang, r-devel-linux-x86_64-debian-gcc, r-devel-linux-x86_64-fedora-clang, r-devel-linux-x86_64-fedora-gcc, r-patched-linux-x86_64, r-release-linux-x86_64
Version: 0.8-2
Check: package dependencies
Result: ERROR
Package required but not available: ‘Rglpk’
See section ‘The DESCRIPTION file’ in the ‘Writing R Extensions’
manual.
Flavor: r-release-osx-x86_64