Last updated on 2018-02-25 00:48:41 CET.
Flavor | Version | Tinstall | Tcheck | Ttotal | Status | Flags |
---|---|---|---|---|---|---|
r-devel-linux-x86_64-debian-clang | 1.0.0 | 2.52 | 60.98 | 63.50 | OK | |
r-devel-linux-x86_64-debian-gcc | 1.0.0 | 1.77 | 42.93 | 44.70 | OK | |
r-devel-windows-ix86+x86_64 | 1.0.0 | 8.00 | 88.00 | 96.00 | OK | |
r-patched-linux-x86_64 | 1.0.0 | 1.37 | 60.64 | 62.01 | OK | |
r-patched-solaris-x86 | 1.0.0 | 93.20 | OK | |||
r-release-linux-x86_64 | 1.0.0 | 0.89 | 66.08 | 66.97 | OK | |
r-release-windows-ix86+x86_64 | 1.0.0 | 6.00 | 82.00 | 88.00 | OK | |
r-release-osx-x86_64 | 1.0.0 | ERROR | ||||
r-oldrel-osx-x86_64 | 1.0.0 | ERROR |
Version: 1.0.0
Check: package dependencies
Result: ERROR
Packages required but not available: ‘Biostrings’ ‘ShortRead’
See section ‘The DESCRIPTION file’ in the ‘Writing R Extensions’
manual.
Flavor: r-release-osx-x86_64
Version: 1.0.0
Check: whether package can be installed
Result: ERROR
Installation failed.
Flavor: r-oldrel-osx-x86_64