CRAN Package Check Results for Package grapherator

Last updated on 2018-02-25 00:48:43 CET.

Flavor Version Tinstall Tcheck Ttotal Status Flags
r-devel-linux-x86_64-debian-clang 1.0.0 5.91 80.39 86.30 OK
r-devel-linux-x86_64-debian-gcc 1.0.0 4.81 63.27 68.08 OK
r-devel-linux-x86_64-fedora-clang 1.0.0 100.91 NOTE
r-devel-linux-x86_64-fedora-gcc 1.0.0 102.93 NOTE
r-devel-windows-ix86+x86_64 1.0.0 15.00 137.00 152.00 OK
r-patched-linux-x86_64 1.0.0 4.39 85.99 90.38 OK
r-patched-solaris-x86 1.0.0 156.80 NOTE
r-release-linux-x86_64 1.0.0 4.37 86.59 90.96 OK
r-release-windows-ix86+x86_64 1.0.0 16.00 132.00 148.00 OK
r-release-osx-x86_64 1.0.0 NOTE
r-oldrel-windows-ix86+x86_64 1.0.0 11.00 89.00 100.00 OK
r-oldrel-osx-x86_64 1.0.0 NOTE

Check Details

Version: 1.0.0
Check: dependencies in R code
Result: NOTE
    Namespace in Imports field not imported from: ‘reshape2’
     All declared Imports should be used.
Flavors: r-devel-linux-x86_64-fedora-clang, r-devel-linux-x86_64-fedora-gcc, r-patched-solaris-x86, r-release-osx-x86_64, r-oldrel-osx-x86_64