Last updated on 2018-02-25 00:48:43 CET.
Flavor | Version | Tinstall | Tcheck | Ttotal | Status | Flags |
---|---|---|---|---|---|---|
r-devel-linux-x86_64-debian-clang | 1.6.2 | 1.71 | 41.26 | 42.97 | NOTE | |
r-devel-linux-x86_64-debian-gcc | 1.6.2 | 1.62 | 31.36 | 32.98 | NOTE | |
r-devel-linux-x86_64-fedora-clang | 1.6.2 | 50.38 | NOTE | |||
r-devel-linux-x86_64-fedora-gcc | 1.6.2 | 48.40 | NOTE | |||
r-devel-windows-ix86+x86_64 | 1.6.2 | 5.00 | 75.00 | 80.00 | OK | |
r-patched-linux-x86_64 | 1.6.2 | 1.75 | 46.48 | 48.23 | OK | |
r-patched-solaris-x86 | 1.6.2 | 73.10 | OK | |||
r-release-linux-x86_64 | 1.6.2 | 1.46 | 46.14 | 47.60 | OK | |
r-release-windows-ix86+x86_64 | 1.6.2 | 8.00 | 81.00 | 89.00 | OK | |
r-release-osx-x86_64 | 1.6.2 | OK | ||||
r-oldrel-windows-ix86+x86_64 | 1.6.2 | 5.00 | 56.00 | 61.00 | OK | |
r-oldrel-osx-x86_64 | 1.6.2 | OK |
Version: 1.6.2
Check: DESCRIPTION meta-information
Result: NOTE
Dependence on R version ‘3.3.2’ not with patchlevel 0
Flavors: r-devel-linux-x86_64-debian-clang, r-devel-linux-x86_64-debian-gcc, r-devel-linux-x86_64-fedora-clang, r-devel-linux-x86_64-fedora-gcc