Last updated on 2018-02-25 00:48:43 CET.
Flavor | Version | Tinstall | Tcheck | Ttotal | Status | Flags |
---|---|---|---|---|---|---|
r-devel-linux-x86_64-debian-clang | 0.4.0 | 2.34 | 31.85 | 34.19 | OK | |
r-devel-linux-x86_64-debian-gcc | 0.4.0 | 1.88 | 22.96 | 24.84 | OK | |
r-devel-linux-x86_64-fedora-clang | 0.4.0 | 38.18 | OK | |||
r-devel-linux-x86_64-fedora-gcc | 0.4.0 | 35.27 | OK | |||
r-devel-windows-ix86+x86_64 | 0.4.0 | 6.00 | 54.00 | 60.00 | OK | |
r-patched-linux-x86_64 | 0.4.0 | 1.44 | 29.86 | 31.30 | OK | |
r-patched-solaris-x86 | 0.4.0 | 51.00 | OK | |||
r-release-linux-x86_64 | 0.4.0 | 1.36 | 29.59 | 30.95 | OK | |
r-release-windows-ix86+x86_64 | 0.4.0 | 4.00 | 58.00 | 62.00 | OK | |
r-release-osx-x86_64 | 0.4.0 | OK | ||||
r-oldrel-windows-ix86+x86_64 | 0.2.4 | 8.00 | 46.00 | 54.00 | OK | |
r-oldrel-osx-x86_64 | 0.3.2 | ERROR |
Version: 0.3.2
Check: whether package can be installed
Result: ERROR
Installation failed.
Flavor: r-oldrel-osx-x86_64