Last updated on 2018-02-25 00:48:43 CET.
Flavor | Version | Tinstall | Tcheck | Ttotal | Status | Flags |
---|---|---|---|---|---|---|
r-devel-linux-x86_64-debian-clang | 1.27.2 | 6.32 | 57.92 | 64.24 | OK | |
r-devel-linux-x86_64-debian-gcc | 1.27.2 | 5.04 | 44.59 | 49.63 | OK | |
r-devel-linux-x86_64-fedora-clang | 1.27.2 | 81.91 | NOTE | |||
r-devel-linux-x86_64-fedora-gcc | 1.27.2 | 82.82 | NOTE | |||
r-devel-windows-ix86+x86_64 | 1.27.2 | 27.00 | 136.00 | 163.00 | OK | |
r-patched-linux-x86_64 | 1.27.2 | 3.05 | 68.89 | 71.94 | OK | |
r-patched-solaris-x86 | 1.27.2 | 101.60 | OK | |||
r-release-linux-x86_64 | 1.27.2 | 2.96 | 70.22 | 73.18 | OK | |
r-release-windows-ix86+x86_64 | 1.27.2 | 12.00 | 140.00 | 152.00 | OK | |
r-release-osx-x86_64 | 1.27.2 | NOTE | ||||
r-oldrel-windows-ix86+x86_64 | 1.27.2 | 10.00 | 118.00 | 128.00 | OK | |
r-oldrel-osx-x86_64 | 1.27.1 | OK |
Version: 1.27.2
Check: package dependencies
Result: NOTE
Packages suggested but not available for checking:
‘marray’ ‘affy’ ‘Biobase’ ‘limma’
Flavors: r-devel-linux-x86_64-fedora-clang, r-devel-linux-x86_64-fedora-gcc
Version: 1.27.2
Check: Rd cross-references
Result: NOTE
Package unavailable to check Rd xrefs: ‘limma’
Flavors: r-devel-linux-x86_64-fedora-clang, r-devel-linux-x86_64-fedora-gcc
Version: 1.27.2
Check: package dependencies
Result: NOTE
Package suggested but not available for checking: ‘marray’
Flavor: r-release-osx-x86_64