CRAN Package Check Results for Package highlight

Last updated on 2018-02-25 00:48:43 CET.

Flavor Version Tinstall Tcheck Ttotal Status Flags
r-devel-linux-x86_64-debian-clang 0.4.7.2 45.12 23.58 68.70 OK
r-devel-linux-x86_64-debian-gcc 0.4.7.2 36.38 18.30 54.68 OK
r-devel-linux-x86_64-fedora-clang 0.4.7.2 114.55 NOTE
r-devel-linux-x86_64-fedora-gcc 0.4.7.2 85.94 NOTE
r-devel-windows-ix86+x86_64 0.4.7.2 132.00 48.00 180.00 OK
r-patched-linux-x86_64 0.4.7.2 43.61 22.69 66.30 OK
r-patched-solaris-x86 0.4.7.2 135.80 OK
r-release-linux-x86_64 0.4.7.2 42.40 23.29 65.69 OK
r-release-windows-ix86+x86_64 0.4.7.2 137.00 54.00 191.00 OK
r-release-osx-x86_64 0.4.7.2 NOTE
r-oldrel-windows-ix86+x86_64 0.4.7.2 109.00 45.00 154.00 OK
r-oldrel-osx-x86_64 0.4.7.2 NOTE

Check Details

Version: 0.4.7.2
Check: installed package size
Result: NOTE
     installed size is 8.3Mb
     sub-directories of 1Mb or more:
     highlight 1.1Mb
     libs 7.1Mb
Flavors: r-devel-linux-x86_64-fedora-clang, r-devel-linux-x86_64-fedora-gcc, r-release-osx-x86_64, r-oldrel-osx-x86_64