Last updated on 2018-02-25 00:48:43 CET.
Flavor | Version | Tinstall | Tcheck | Ttotal | Status | Flags |
---|---|---|---|---|---|---|
r-devel-linux-x86_64-debian-clang | 0.1.2 | 2.85 | 29.49 | 32.34 | OK | |
r-devel-linux-x86_64-debian-gcc | 0.1.2 | 2.06 | 23.19 | 25.25 | OK | |
r-devel-linux-x86_64-fedora-clang | 0.1.2 | 37.57 | NOTE | |||
r-devel-linux-x86_64-fedora-gcc | 0.1.2 | 36.28 | NOTE | |||
r-devel-windows-ix86+x86_64 | 0.1.2 | 9.00 | 56.00 | 65.00 | OK | |
r-patched-linux-x86_64 | 0.1.2 | 1.31 | 31.41 | 32.72 | OK | |
r-patched-solaris-x86 | 0.1.2 | 59.60 | NOTE | |||
r-release-linux-x86_64 | 0.1.2 | 1.40 | 30.83 | 32.23 | OK | |
r-release-windows-ix86+x86_64 | 0.1.2 | 4.00 | 59.00 | 63.00 | OK | |
r-release-osx-x86_64 | 0.1.2 | NOTE | ||||
r-oldrel-windows-ix86+x86_64 | 0.1.2 | 3.00 | 38.00 | 41.00 | NOTE |
Version: 0.1.2
Check: package dependencies
Result: NOTE
Package suggested but not available for checking: ‘trackr’
Flavors: r-devel-linux-x86_64-fedora-clang, r-devel-linux-x86_64-fedora-gcc, r-patched-solaris-x86, r-release-osx-x86_64, r-oldrel-windows-ix86+x86_64