Last updated on 2018-02-25 00:48:44 CET.
Flavor | Version | Tinstall | Tcheck | Ttotal | Status | Flags |
---|---|---|---|---|---|---|
r-devel-linux-x86_64-debian-clang | 1.0 | 3.55 | 51.11 | 54.66 | OK | |
r-devel-linux-x86_64-debian-gcc | 1.0 | 3.64 | 41.51 | 45.15 | OK | |
r-devel-linux-x86_64-fedora-clang | 1.0 | 68.81 | OK | |||
r-devel-linux-x86_64-fedora-gcc | 1.0 | 69.54 | OK | |||
r-devel-windows-ix86+x86_64 | 1.0 | 13.00 | 89.00 | 102.00 | OK | |
r-patched-linux-x86_64 | 1.0 | 3.78 | 51.34 | 55.12 | OK | |
r-patched-solaris-x86 | 1.0 | 107.90 | OK | |||
r-release-linux-x86_64 | 1.0 | 3.02 | 50.93 | 53.95 | OK | |
r-release-windows-ix86+x86_64 | 1.0 | 13.00 | 86.00 | 99.00 | OK | |
r-release-osx-x86_64 | 1.0 | OK | ||||
r-oldrel-osx-x86_64 | 1.0 | ERROR |
Version: 1.0
Check: whether package can be installed
Result: ERROR
Installation failed.
Flavor: r-oldrel-osx-x86_64