Last updated on 2018-02-25 00:48:44 CET.
Flavor | Version | Tinstall | Tcheck | Ttotal | Status | Flags |
---|---|---|---|---|---|---|
r-devel-linux-x86_64-debian-clang | 2.5 | 15.11 | 111.80 | 126.91 | OK | |
r-devel-linux-x86_64-debian-gcc | 2.5 | 12.78 | 80.88 | 93.66 | OK | |
r-devel-linux-x86_64-fedora-clang | 2.5 | 163.06 | OK | |||
r-devel-linux-x86_64-fedora-gcc | 2.5 | 162.00 | OK | |||
r-devel-windows-ix86+x86_64 | 2.5 | 44.00 | 275.00 | 319.00 | OK | |
r-patched-linux-x86_64 | 2.5 | 15.38 | 120.58 | 135.96 | OK | |
r-patched-solaris-x86 | 2.5 | 193.80 | OK | |||
r-release-linux-x86_64 | 2.5 | 16.49 | 120.61 | 137.10 | OK | |
r-release-windows-ix86+x86_64 | 2.5 | 52.00 | 284.00 | 336.00 | OK | |
r-release-osx-x86_64 | 2.5 | WARN | ||||
r-oldrel-windows-ix86+x86_64 | 2.5 | 34.00 | 238.00 | 272.00 | OK | |
r-oldrel-osx-x86_64 | 2.5 | OK |
Version: 2.5
Check: re-building of vignette outputs
Result: WARN
Error in re-building vignettes:
...
Error in texi2dvi(file = file, pdf = TRUE, clean = clean, quiet = quiet, :
Running 'texi2dvi' on 'imputeTS-Time-Series-Missing-Value-Imputation-in-R.tex' failed.
LaTeX errors:
! LaTeX Error: File `environ.sty' not found.
Type X to quit or <RETURN> to proceed,
or enter new name. (Default extension: sty)
! Emergency stop.
<read *>
l.317 ^^M
! ==> Fatal error occurred, no output PDF file produced!
Calls: buildVignettes -> texi2pdf -> texi2dvi
Execution halted
Flavor: r-release-osx-x86_64