CRAN Package Check Results for Package joineR

Last updated on 2018-02-25 00:48:45 CET.

Flavor Version Tinstall Tcheck Ttotal Status Flags
r-devel-linux-x86_64-debian-clang 1.2.3 6.65 242.09 248.74 OK
r-devel-linux-x86_64-debian-gcc 1.2.3 6.32 179.42 185.74 OK
r-devel-linux-x86_64-fedora-clang 1.2.3 293.38 OK
r-devel-linux-x86_64-fedora-gcc 1.2.3 287.82 OK
r-devel-windows-ix86+x86_64 1.2.3 17.00 329.00 346.00 OK
r-patched-linux-x86_64 1.2.3 7.43 250.26 257.69 OK
r-patched-solaris-x86 1.2.3 560.20 OK
r-release-linux-x86_64 1.2.3 7.69 245.78 253.47 OK
r-release-windows-ix86+x86_64 1.2.3 16.00 328.00 344.00 OK
r-release-osx-x86_64 1.2.3 OK
r-oldrel-windows-ix86+x86_64 1.2.3 10.00 271.00 281.00 NOTE
r-oldrel-osx-x86_64 1.2.2 OK

Check Details

Version: 1.2.3
Check: DESCRIPTION meta-information
Result: NOTE
    Authors@R field gives persons with no valid roles:
     Medical Research Council [fnd] (Grant numbers: G0400615 and MR/M013227/1)
Flavor: r-oldrel-windows-ix86+x86_64