Last updated on 2018-02-25 00:48:45 CET.
Flavor | Version | Tinstall | Tcheck | Ttotal | Status | Flags |
---|---|---|---|---|---|---|
r-devel-linux-x86_64-debian-clang | 0.4.1 | 72.00 | 380.06 | 452.06 | OK | |
r-devel-linux-x86_64-debian-gcc | 0.4.1 | 63.15 | 285.81 | 348.96 | OK | |
r-devel-linux-x86_64-fedora-clang | 0.4.1 | 498.69 | NOTE | |||
r-devel-linux-x86_64-fedora-gcc | 0.4.1 | 489.64 | NOTE | |||
r-devel-windows-ix86+x86_64 | 0.4.1 | 188.00 | 772.00 | 960.00 | OK | |
r-patched-linux-x86_64 | 0.4.1 | 73.93 | 396.86 | 470.79 | OK | |
r-patched-solaris-x86 | 0.4.1 | 874.50 | OK | |||
r-release-linux-x86_64 | 0.4.1 | 75.60 | 402.47 | 478.07 | OK | |
r-release-windows-ix86+x86_64 | 0.4.1 | 188.00 | 788.00 | 976.00 | OK | |
r-release-osx-x86_64 | 0.4.1 | NOTE | ||||
r-oldrel-windows-ix86+x86_64 | 0.4.1 | 146.00 | 664.00 | 810.00 | NOTE | |
r-oldrel-osx-x86_64 | 0.4.0 | NOTE |
Version: 0.4.1
Check: installed package size
Result: NOTE
installed size is 6.1Mb
sub-directories of 1Mb or more:
data 1.3Mb
libs 3.7Mb
Flavors: r-devel-linux-x86_64-fedora-clang, r-devel-linux-x86_64-fedora-gcc, r-release-osx-x86_64
Version: 0.4.1
Check: DESCRIPTION meta-information
Result: NOTE
Authors@R field gives persons with no valid roles:
Medical Research Council [fnd] (Grant number: MR/M013227/1)
Flavor: r-oldrel-windows-ix86+x86_64
Version: 0.4.0
Check: installed package size
Result: NOTE
installed size is 5.7Mb
sub-directories of 1Mb or more:
data 1.3Mb
libs 3.3Mb
Flavor: r-oldrel-osx-x86_64