Last updated on 2018-02-25 00:48:46 CET.
Flavor | Version | Tinstall | Tcheck | Ttotal | Status | Flags |
---|---|---|---|---|---|---|
r-devel-linux-x86_64-debian-clang | 1.0.1 | 12.15 | 169.61 | 181.76 | OK | |
r-devel-linux-x86_64-debian-gcc | 1.0.1 | 11.35 | 133.03 | 144.38 | OK | |
r-devel-windows-ix86+x86_64 | 1.0.1 | 32.00 | 219.00 | 251.00 | OK | |
r-patched-linux-x86_64 | 1.0.1 | 7.89 | 175.80 | 183.69 | OK | |
r-patched-solaris-x86 | 1.0.1 | 293.90 | OK | |||
r-release-linux-x86_64 | 1.0.1 | 9.11 | 177.78 | 186.89 | OK | |
r-release-windows-ix86+x86_64 | 1.0.1 | 25.00 | 228.00 | 253.00 | OK | |
r-release-osx-x86_64 | 1.0.1 | ERROR | ||||
r-oldrel-windows-ix86+x86_64 | 1.0.1 | 15.00 | 235.00 | 250.00 | OK | |
r-oldrel-osx-x86_64 | 1.0.1 | OK |
Version: 1.0.1
Check: package dependencies
Result: ERROR
Package required but not available: ‘qvalue’
See section ‘The DESCRIPTION file’ in the ‘Writing R Extensions’
manual.
Flavor: r-release-osx-x86_64