Last updated on 2018-02-25 00:48:46 CET.
Flavor | Version | Tinstall | Tcheck | Ttotal | Status | Flags |
---|---|---|---|---|---|---|
r-devel-linux-x86_64-debian-clang | 0.2 | 1.80 | 25.14 | 26.94 | OK | |
r-devel-linux-x86_64-debian-gcc | 0.2 | 1.61 | 20.37 | 21.98 | OK | |
r-devel-linux-x86_64-fedora-clang | 0.2 | 33.87 | NOTE | |||
r-devel-linux-x86_64-fedora-gcc | 0.2 | 30.94 | NOTE | |||
r-devel-windows-ix86+x86_64 | 0.2 | 6.00 | 59.00 | 65.00 | OK | |
r-patched-linux-x86_64 | 0.2 | 1.52 | 24.82 | 26.34 | OK | |
r-patched-solaris-x86 | 0.2 | 44.40 | NOTE | |||
r-release-linux-x86_64 | 0.2 | 1.41 | 24.33 | 25.74 | OK | |
r-release-windows-ix86+x86_64 | 0.2 | 7.00 | 87.00 | 94.00 | OK | |
r-release-osx-x86_64 | 0.2 | NOTE | ||||
r-oldrel-windows-ix86+x86_64 | 0.2 | 6.00 | 35.00 | 41.00 | OK | |
r-oldrel-osx-x86_64 | 0.2 | NOTE |
Version: 0.2
Check: dependencies in R code
Result: NOTE
Namespaces in Imports field not imported from:
‘htmlwidgets’ ‘shiny’
All declared Imports should be used.
Flavors: r-devel-linux-x86_64-fedora-clang, r-devel-linux-x86_64-fedora-gcc, r-patched-solaris-x86, r-release-osx-x86_64, r-oldrel-osx-x86_64